CRAN Package Check Results for Package olctools

Last updated on 2019-07-24 00:47:38 CEST.

Flavor Version Tinstall Tcheck Ttotal Status Flags
r-devel-linux-x86_64-debian-clang 0.3.0 33.88 25.50 59.38 OK
r-devel-linux-x86_64-debian-gcc 0.3.0 24.57 20.72 45.29 OK
r-devel-linux-x86_64-fedora-clang 0.3.0 86.81 NOTE
r-devel-linux-x86_64-fedora-gcc 0.3.0 79.15 NOTE
r-devel-windows-ix86+x86_64 0.3.0 65.00 81.00 146.00 OK
r-patched-linux-x86_64 0.3.0 30.61 25.07 55.68 OK
r-patched-solaris-x86 0.3.0 92.80 OK
r-release-linux-x86_64 0.3.0 32.00 24.97 56.97 OK
r-release-windows-ix86+x86_64 0.3.0 67.00 62.00 129.00 OK
r-release-osx-x86_64 0.3.0 ERROR
r-oldrel-windows-ix86+x86_64 0.3.0 89.00 59.00 148.00 OK
r-oldrel-osx-x86_64 0.3.0 ERROR

Check Details

Version: 0.3.0
Check: compiled code
Result: NOTE
    File ‘olctools/libs/olctools.so’:
     Found no calls to: ‘R_registerRoutines’, ‘R_useDynamicSymbols’
    
    It is good practice to register native routines and to disable symbol
    search.
    
    See ‘Writing portable packages’ in the ‘Writing R Extensions’ manual.
Flavors: r-devel-linux-x86_64-fedora-clang, r-devel-linux-x86_64-fedora-gcc

Version: 0.3.0
Check: tests
Result: ERROR
     Running ‘testthat.R’ [1s/2s]
    Running the tests in ‘tests/testthat.R’ failed.
    Last 13 lines of output:
     Expected match: "The length value"
     Actual message: "c++ exception (unknown reason)"
    
     ── 2. Failure: OLC encoding throws an error with odd-numbered requested lengths
     `x` threw an error with unexpected message.
     Expected match: "The length value"
     Actual message: "c++ exception (unknown reason)"
    
     ══ testthat results ═══════════════════════════════════════════════════════════
     OK: 34 SKIPPED: 1 FAILED: 2
     1. Failure: OLC encoding throws an error with odd-numbered requested lengths below 8 (@test_encoding.R#20)
     2. Failure: OLC encoding throws an error with odd-numbered requested lengths below 8 (@test_encoding.R#21)
    
     Error: testthat unit tests failed
     Execution halted
Flavor: r-release-osx-x86_64

Version: 0.3.0
Check: tests
Result: ERROR
     Running ‘testthat.R’ [1s/1s]
    Running the tests in ‘tests/testthat.R’ failed.
    Last 13 lines of output:
     Expected match: "The length value"
     Actual message: "c++ exception (unknown reason)"
    
     ── 2. Failure: OLC encoding throws an error with odd-numbered requested lengths
     `x` threw an error with unexpected message.
     Expected match: "The length value"
     Actual message: "c++ exception (unknown reason)"
    
     ══ testthat results ═══════════════════════════════════════════════════════════
     OK: 34 SKIPPED: 1 FAILED: 2
     1. Failure: OLC encoding throws an error with odd-numbered requested lengths below 8 (@test_encoding.R#20)
     2. Failure: OLC encoding throws an error with odd-numbered requested lengths below 8 (@test_encoding.R#21)
    
     Error: testthat unit tests failed
     Execution halted
Flavor: r-oldrel-osx-x86_64