CRAN Package Check Results for Package olctools

Last updated on 2019-12-06 00:50:03 CET.

Flavor Version Tinstall Tcheck Ttotal Status Flags
r-devel-linux-x86_64-debian-clang 0.3.0 40.34 27.66 68.00 OK
r-devel-linux-x86_64-debian-gcc 0.3.0 25.54 22.05 47.59 OK
r-devel-linux-x86_64-fedora-clang 0.3.0 91.64 NOTE
r-devel-linux-x86_64-fedora-gcc 0.3.0 84.84 NOTE
r-devel-windows-ix86+x86_64 0.3.0 86.00 78.00 164.00 OK
r-devel-windows-ix86+x86_64-gcc8 0.3.0 91.00 85.00 176.00 OK
r-patched-linux-x86_64 0.3.0 29.10 25.32 54.42 OK
r-patched-solaris-x86 0.3.0 90.50 OK
r-release-linux-x86_64 0.3.0 30.34 25.38 55.72 OK
r-release-windows-ix86+x86_64 0.3.0 98.00 59.00 157.00 OK
r-release-osx-x86_64 0.3.0 ERROR
r-oldrel-windows-ix86+x86_64 0.3.0 68.00 80.00 148.00 OK
r-oldrel-osx-x86_64 0.3.0 ERROR

Check Details

Version: 0.3.0
Check: compiled code
Result: NOTE
    File ‘olctools/libs/olctools.so’:
     Found no calls to: ‘R_registerRoutines’, ‘R_useDynamicSymbols’
    
    It is good practice to register native routines and to disable symbol
    search.
    
    See ‘Writing portable packages’ in the ‘Writing R Extensions’ manual.
Flavors: r-devel-linux-x86_64-fedora-clang, r-devel-linux-x86_64-fedora-gcc

Version: 0.3.0
Check: tests
Result: ERROR
     Running ‘testthat.R’ [1s/2s]
    Running the tests in ‘tests/testthat.R’ failed.
    Last 13 lines of output:
     Expected match: "The length value"
     Actual message: "c++ exception (unknown reason)"
    
     ── 2. Failure: OLC encoding throws an error with odd-numbered requested lengths
     `x` threw an error with unexpected message.
     Expected match: "The length value"
     Actual message: "c++ exception (unknown reason)"
    
     ══ testthat results ═══════════════════════════════════════════════════════════
     OK: 34 SKIPPED: 1 FAILED: 2
     1. Failure: OLC encoding throws an error with odd-numbered requested lengths below 8 (@test_encoding.R#20)
     2. Failure: OLC encoding throws an error with odd-numbered requested lengths below 8 (@test_encoding.R#21)
    
     Error: testthat unit tests failed
     Execution halted
Flavor: r-release-osx-x86_64

Version: 0.3.0
Check: tests
Result: ERROR
     Running ‘testthat.R’ [1s/1s]
    Running the tests in ‘tests/testthat.R’ failed.
    Last 13 lines of output:
     Expected match: "The length value"
     Actual message: "c++ exception (unknown reason)"
    
     ── 2. Failure: OLC encoding throws an error with odd-numbered requested lengths
     `x` threw an error with unexpected message.
     Expected match: "The length value"
     Actual message: "c++ exception (unknown reason)"
    
     ══ testthat results ═══════════════════════════════════════════════════════════
     OK: 34 SKIPPED: 1 FAILED: 2
     1. Failure: OLC encoding throws an error with odd-numbered requested lengths below 8 (@test_encoding.R#20)
     2. Failure: OLC encoding throws an error with odd-numbered requested lengths below 8 (@test_encoding.R#21)
    
     Error: testthat unit tests failed
     Execution halted
Flavor: r-oldrel-osx-x86_64