CRAN Package Check Results for Package originr

Last updated on 2020-02-21 00:49:48 CET.

Flavor Version Tinstall Tcheck Ttotal Status Flags
r-devel-linux-x86_64-debian-clang 0.3.0 5.62 44.86 50.48 OK
r-devel-linux-x86_64-debian-gcc 0.3.0 4.17 32.77 36.94 OK
r-devel-linux-x86_64-fedora-clang 0.3.0 60.78 NOTE
r-devel-linux-x86_64-fedora-gcc 0.3.0 58.18 NOTE
r-devel-windows-ix86+x86_64 0.3.0 15.00 61.00 76.00 OK
r-devel-windows-ix86+x86_64-gcc8 0.3.0 24.00 88.00 112.00 OK
r-patched-linux-x86_64 0.3.0 4.31 38.36 42.67 OK
r-patched-solaris-x86 0.3.0 90.30 NOTE
r-release-linux-x86_64 0.3.0 4.09 38.62 42.71 OK
r-release-windows-ix86+x86_64 0.3.0 11.00 58.00 69.00 OK
r-release-osx-x86_64 0.3.0 NOTE
r-oldrel-windows-ix86+x86_64 0.3.0 7.00 62.00 69.00 OK
r-oldrel-osx-x86_64 0.3.0 NOTE

Check Details

Version: 0.3.0
Check: data for non-ASCII characters
Result: NOTE
     Note: found 2 marked UTF-8 strings
Flavors: r-devel-linux-x86_64-fedora-clang, r-devel-linux-x86_64-fedora-gcc, r-patched-solaris-x86, r-release-osx-x86_64, r-oldrel-osx-x86_64