CRAN Package Check Results for Package packMBPLSDA

Last updated on 2019-08-20 00:50:52 CEST.

Flavor Version Tinstall Tcheck Ttotal Status Flags
r-devel-linux-x86_64-debian-clang 0.6 11.14 63.16 74.30 NOTE
r-devel-linux-x86_64-debian-gcc 0.6 10.93 49.05 59.98 NOTE
r-devel-linux-x86_64-fedora-clang 0.6 87.95 NOTE
r-devel-linux-x86_64-fedora-gcc 0.6 90.29 NOTE
r-devel-windows-ix86+x86_64 0.6 25.00 126.00 151.00 OK
r-patched-linux-x86_64 0.6 10.71 63.27 73.98 OK
r-patched-solaris-x86 0.6 156.30 OK
r-release-linux-x86_64 0.6 10.47 62.76 73.23 OK
r-release-windows-ix86+x86_64 0.6 20.00 91.00 111.00 OK
r-release-osx-x86_64 0.6 OK
r-oldrel-windows-ix86+x86_64 0.6 20.00 117.00 137.00 OK
r-oldrel-osx-x86_64 0.6 OK

Check Details

Version: 0.6
Check: for non-standard things in the check directory
Result: NOTE
    Found the following files/directories:
     'plotBoot_nf1_30rep.pdf' 'plotCVPred_nf1_30rep.pdf'
     'plotPred_nf1.pdf' 'plotTDim.pdf'
Flavors: r-devel-linux-x86_64-debian-clang, r-devel-linux-x86_64-debian-gcc, r-devel-linux-x86_64-fedora-clang, r-devel-linux-x86_64-fedora-gcc