CRAN Package Check Results for Package packMBPLSDA

Last updated on 2019-12-06 00:50:04 CET.

Flavor Version Tinstall Tcheck Ttotal Status Flags
r-devel-linux-x86_64-debian-clang 0.6 12.31 81.56 93.87 NOTE
r-devel-linux-x86_64-debian-gcc 0.6 11.11 61.21 72.32 NOTE
r-devel-linux-x86_64-fedora-clang 0.6 103.07 NOTE
r-devel-linux-x86_64-fedora-gcc 0.6 102.84 NOTE
r-devel-windows-ix86+x86_64 0.6 31.00 155.00 186.00 OK
r-devel-windows-ix86+x86_64-gcc8 0.6 30.00 164.00 194.00 OK
r-patched-linux-x86_64 0.6 12.16 72.16 84.32 OK
r-patched-solaris-x86 0.6 171.20 OK
r-release-linux-x86_64 0.6 11.57 72.16 83.73 OK
r-release-windows-ix86+x86_64 0.6 26.00 121.00 147.00 OK
r-release-osx-x86_64 0.6 OK
r-oldrel-windows-ix86+x86_64 0.6 16.00 112.00 128.00 OK
r-oldrel-osx-x86_64 0.6 OK

Check Details

Version: 0.6
Check: for non-standard things in the check directory
Result: NOTE
    Found the following files/directories:
     'plotBoot_nf1_30rep.pdf' 'plotCVPred_nf1_30rep.pdf'
     'plotPred_nf1.pdf' 'plotTDim.pdf'
Flavors: r-devel-linux-x86_64-debian-clang, r-devel-linux-x86_64-debian-gcc, r-devel-linux-x86_64-fedora-clang, r-devel-linux-x86_64-fedora-gcc