CRAN Package Check Results for Package pals

Last updated on 2019-12-06 00:50:04 CET.

Flavor Version Tinstall Tcheck Ttotal Status Flags
r-devel-linux-x86_64-debian-clang 1.5 6.27 89.09 95.36 ERROR
r-devel-linux-x86_64-debian-gcc 1.6 3.46 58.74 62.20 OK
r-devel-linux-x86_64-fedora-clang 1.6 100.43 OK
r-devel-linux-x86_64-fedora-gcc 1.6 98.28 OK
r-devel-windows-ix86+x86_64 1.6 14.00 129.00 143.00 OK
r-devel-windows-ix86+x86_64-gcc8 1.5 19.00 135.00 154.00 ERROR
r-patched-linux-x86_64 1.5 5.09 80.64 85.73 OK
r-patched-solaris-x86 1.6 150.20 OK
r-release-linux-x86_64 1.6 3.82 70.77 74.59 OK
r-release-windows-ix86+x86_64 1.5 16.00 88.00 104.00 OK
r-release-osx-x86_64 1.6 NOTE
r-oldrel-windows-ix86+x86_64 1.5 9.00 142.00 151.00 OK
r-oldrel-osx-x86_64 1.6 NOTE

Check Details

Version: 1.5
Check: tests
Result: ERROR
     Running 'testthat.R' [3s/3s]
    Running the tests in 'tests/testthat.R' failed.
    Complete output:
     > library(testthat)
     > library(pals)
     Loading required package: maps
     >
     > test_check("pals")
     -- 1. Failure: palette compression (@test_all.R#12) ---------------------------
     pal.compress(cm.colors) not equal to `cm5`.
     5/5 mismatches
     x[1]: "#80FFFF"
     y[1]: "#80FFFFFF"
    
     x[2]: "#BFFFFF"
     y[2]: "#BFFFFFFF"
    
     x[3]: "#FFFFFF"
     y[3]: "#FFFFFFFF"
    
     x[4]: "#FFBFFF"
     y[4]: "#FFBFFFFF"
    
     x[5]: "#FF80FF"
     y[5]: "#FF80FFFF"
    
     == testthat results ===========================================================
     [ OK: 25 | SKIPPED: 0 | WARNINGS: 0 | FAILED: 1 ]
     1. Failure: palette compression (@test_all.R#12)
    
     Error: testthat unit tests failed
     Execution halted
Flavor: r-devel-linux-x86_64-debian-clang

Version: 1.5
Check: tests
Result: ERROR
     Running 'testthat.R' [5s]
    Running the tests in 'tests/testthat.R' failed.
    Complete output:
     > library(testthat)
     > library(pals)
     Loading required package: maps
     >
     > test_check("pals")
     -- 1. Failure: palette compression (@test_all.R#12) ---------------------------
     pal.compress(cm.colors) not equal to `cm5`.
     5/5 mismatches
     x[1]: "#80FFFF"
     y[1]: "#80FFFFFF"
    
     x[2]: "#BFFFFF"
     y[2]: "#BFFFFFFF"
    
     x[3]: "#FFFFFF"
     y[3]: "#FFFFFFFF"
    
     x[4]: "#FFBFFF"
     y[4]: "#FFBFFFFF"
    
     x[5]: "#FF80FF"
     y[5]: "#FF80FFFF"
    
     == testthat results ===========================================================
     [ OK: 25 | SKIPPED: 0 | WARNINGS: 0 | FAILED: 1 ]
     1. Failure: palette compression (@test_all.R#12)
    
     Error: testthat unit tests failed
     Execution halted
Flavor: r-devel-windows-ix86+x86_64-gcc8

Version: 1.6
Check: dependencies in R code
Result: NOTE
    No protocol specified
Flavors: r-release-osx-x86_64, r-oldrel-osx-x86_64