CRAN Package Check Results for Package parcor

Last updated on 2019-07-16 00:48:19 CEST.

Flavor Version Tinstall Tcheck Ttotal Status Flags
r-devel-linux-x86_64-debian-clang 0.2-6 9.25 75.40 84.65 NOTE
r-devel-linux-x86_64-debian-gcc 0.2-6 7.73 59.07 66.80 NOTE
r-devel-linux-x86_64-fedora-clang 0.2-6 98.10 NOTE
r-devel-linux-x86_64-fedora-gcc 0.2-6 95.08 NOTE
r-devel-windows-ix86+x86_64 0.2-6 30.00 85.00 115.00 NOTE
r-patched-linux-x86_64 0.2-6 8.56 72.93 81.49 NOTE
r-patched-solaris-x86 0.2-6 155.70 NOTE
r-release-linux-x86_64 0.2-6 7.09 73.32 80.41 NOTE
r-release-windows-ix86+x86_64 0.2-6 15.00 118.00 133.00 NOTE
r-release-osx-x86_64 0.2-6 NOTE
r-oldrel-windows-ix86+x86_64 0.2-6 14.00 85.00 99.00 NOTE
r-oldrel-osx-x86_64 0.2-6 NOTE

Check Details

Version: 0.2-6
Check: R code for possible problems
Result: NOTE
    adalasso: no visible global function definition for 'predict'
    lm.ridge.univariate: no visible global function definition for 'sd'
    mylars: no visible global function definition for 'predict'
    mylars: no visible binding for global variable 'var'
    performance.pcor: no visible global function definition for
     'ggm.test.edges'
    performance.pcor: no visible global function definition for 'var'
    ridge.cv: no visible global function definition for 'coef'
    ridge.cv: no visible global function definition for 'plot'
    Undefined global functions or variables:
     coef ggm.test.edges plot predict sd var
    Consider adding
     importFrom("graphics", "plot")
     importFrom("stats", "coef", "predict", "sd", "var")
    to your NAMESPACE file.
Flavors: r-devel-linux-x86_64-debian-clang, r-devel-linux-x86_64-debian-gcc, r-devel-linux-x86_64-fedora-clang, r-devel-linux-x86_64-fedora-gcc, r-devel-windows-ix86+x86_64, r-patched-linux-x86_64, r-patched-solaris-x86, r-release-linux-x86_64, r-release-windows-ix86+x86_64, r-release-osx-x86_64, r-oldrel-windows-ix86+x86_64, r-oldrel-osx-x86_64