CRAN Package Check Results for Package parcor

Last updated on 2019-10-20 00:47:36 CEST.

Flavor Version Tinstall Tcheck Ttotal Status Flags
r-devel-linux-x86_64-debian-clang 0.2-6 8.48 75.80 84.28 NOTE
r-devel-linux-x86_64-debian-gcc 0.2-6 7.91 57.82 65.73 NOTE
r-devel-linux-x86_64-fedora-clang 0.2-6 97.80 NOTE
r-devel-linux-x86_64-fedora-gcc 0.2-6 96.13 NOTE
r-devel-windows-ix86+x86_64 0.2-6 18.00 126.00 144.00 NOTE
r-patched-linux-x86_64 0.2-6 8.03 71.49 79.52 NOTE
r-patched-solaris-x86 0.2-6 154.20 NOTE
r-release-linux-x86_64 0.2-6 7.59 72.71 80.30 NOTE
r-release-windows-ix86+x86_64 0.2-6 16.00 119.00 135.00 NOTE
r-release-osx-x86_64 0.2-6 NOTE
r-oldrel-windows-ix86+x86_64 0.2-6 9.00 78.00 87.00 NOTE
r-oldrel-osx-x86_64 0.2-6 NOTE

Check Details

Version: 0.2-6
Check: R code for possible problems
Result: NOTE
    adalasso: no visible global function definition for 'predict'
    lm.ridge.univariate: no visible global function definition for 'sd'
    mylars: no visible global function definition for 'predict'
    mylars: no visible binding for global variable 'var'
    performance.pcor: no visible global function definition for
     'ggm.test.edges'
    performance.pcor: no visible global function definition for 'var'
    ridge.cv: no visible global function definition for 'coef'
    ridge.cv: no visible global function definition for 'plot'
    Undefined global functions or variables:
     coef ggm.test.edges plot predict sd var
    Consider adding
     importFrom("graphics", "plot")
     importFrom("stats", "coef", "predict", "sd", "var")
    to your NAMESPACE file.
Flavors: r-devel-linux-x86_64-debian-clang, r-devel-linux-x86_64-debian-gcc, r-devel-linux-x86_64-fedora-clang, r-devel-linux-x86_64-fedora-gcc, r-devel-windows-ix86+x86_64, r-patched-linux-x86_64, r-patched-solaris-x86, r-release-linux-x86_64, r-release-windows-ix86+x86_64, r-release-osx-x86_64, r-oldrel-windows-ix86+x86_64, r-oldrel-osx-x86_64