CRAN Package Check Results for Package parma

Last updated on 2019-10-15 00:50:01 CEST.

Flavor Version Tinstall Tcheck Ttotal Status Flags
r-devel-linux-x86_64-debian-clang 1.5-3 16.26 68.26 84.52 OK
r-devel-linux-x86_64-debian-gcc 1.5-3 12.09 54.27 66.36 OK
r-devel-linux-x86_64-fedora-clang 1.5-3 101.82 NOTE
r-devel-linux-x86_64-fedora-gcc 1.5-3 101.92 NOTE
r-devel-windows-ix86+x86_64 1.5-3 23.00 122.00 145.00 OK
r-patched-linux-x86_64 1.5-3 14.36 68.53 82.89 OK
r-patched-solaris-x86 1.5-3 125.30 NOTE
r-release-linux-x86_64 1.5-3 14.49 68.77 83.26 OK
r-release-windows-ix86+x86_64 1.5-3 39.00 87.00 126.00 OK
r-release-osx-x86_64 1.5-3 NOTE
r-oldrel-windows-ix86+x86_64 1.5-3 21.00 83.00 104.00 OK
r-oldrel-osx-x86_64 1.5-3 NOTE

Check Details

Version: 1.5-3
Check: compiled code
Result: NOTE
    File ‘parma/libs/parma.so’:
     Found no calls to: ‘R_registerRoutines’, ‘R_useDynamicSymbols’
    
    It is good practice to register native routines and to disable symbol
    search.
    
    See ‘Writing portable packages’ in the ‘Writing R Extensions’ manual.
Flavors: r-devel-linux-x86_64-fedora-clang, r-devel-linux-x86_64-fedora-gcc

Version: 1.5-3
Check: package dependencies
Result: NOTE
    Package suggested but not available for checking: ‘Rsymphony’
Flavors: r-patched-solaris-x86, r-release-osx-x86_64, r-oldrel-osx-x86_64