CRAN Package Check Results for Package parma

Last updated on 2019-07-16 00:48:19 CEST.

Flavor Version Tinstall Tcheck Ttotal Status Flags
r-devel-linux-x86_64-debian-clang 1.5-3 16.92 68.64 85.56 OK
r-devel-linux-x86_64-debian-gcc 1.5-3 13.71 53.42 67.13 OK
r-devel-linux-x86_64-fedora-clang 1.5-3 103.78 NOTE
r-devel-linux-x86_64-fedora-gcc 1.5-3 99.88 NOTE
r-devel-windows-ix86+x86_64 1.5-3 32.00 85.00 117.00 OK
r-patched-linux-x86_64 1.5-3 15.00 69.61 84.61 OK
r-patched-solaris-x86 1.5-3 130.00 NOTE
r-release-linux-x86_64 1.5-3 13.73 69.46 83.19 OK
r-release-windows-ix86+x86_64 1.5-3 21.00 120.00 141.00 OK
r-release-osx-x86_64 1.5-3 NOTE
r-oldrel-windows-ix86+x86_64 1.5-3 29.00 87.00 116.00 OK
r-oldrel-osx-x86_64 1.5-3 NOTE

Check Details

Version: 1.5-3
Check: compiled code
Result: NOTE
    File ‘parma/libs/parma.so’:
     Found no calls to: ‘R_registerRoutines’, ‘R_useDynamicSymbols’
    
    It is good practice to register native routines and to disable symbol
    search.
    
    See ‘Writing portable packages’ in the ‘Writing R Extensions’ manual.
Flavors: r-devel-linux-x86_64-fedora-clang, r-devel-linux-x86_64-fedora-gcc

Version: 1.5-3
Check: package dependencies
Result: NOTE
    Package suggested but not available for checking: ‘Rsymphony’
Flavors: r-patched-solaris-x86, r-release-osx-x86_64, r-oldrel-osx-x86_64