CRAN Package Check Results for Package particles

Last updated on 2019-09-21 00:52:48 CEST.

Flavor Version Tinstall Tcheck Ttotal Status Flags
r-devel-linux-x86_64-debian-clang 0.2.2 41.32 91.31 132.63 OK
r-devel-linux-x86_64-debian-gcc 0.2.2 33.08 71.00 104.08 OK
r-devel-linux-x86_64-fedora-clang 0.2.2 180.91 NOTE
r-devel-linux-x86_64-fedora-gcc 0.2.2 170.91 NOTE
r-devel-windows-ix86+x86_64 0.2.2 125.00 184.00 309.00 OK
r-patched-linux-x86_64 0.2.2 37.64 89.17 126.81 OK
r-patched-solaris-x86 0.2.2 213.70 NOTE
r-release-linux-x86_64 0.2.2 38.24 89.40 127.64 OK
r-release-windows-ix86+x86_64 0.2.2 85.00 132.00 217.00 OK
r-release-osx-x86_64 0.2.2 NOTE
r-oldrel-windows-ix86+x86_64 0.2.2 80.00 127.00 207.00 OK
r-oldrel-osx-x86_64 0.2.2 NOTE

Check Details

Version: 0.2.2
Check: dependencies in R code
Result: NOTE
    Namespace in Imports field not imported from: ‘dplyr’
     All declared Imports should be used.
Flavors: r-devel-linux-x86_64-fedora-clang, r-devel-linux-x86_64-fedora-gcc, r-patched-solaris-x86, r-release-osx-x86_64, r-oldrel-osx-x86_64