CRAN Package Check Results for Package pbatR

Last updated on 2019-06-18 00:51:48 CEST.

Flavor Version Tinstall Tcheck Ttotal Status Flags
r-devel-linux-x86_64-debian-clang 2.2-13 20.18 81.83 102.01 OK
r-devel-linux-x86_64-debian-gcc 2.2-13 16.79 64.50 81.29 OK
r-devel-linux-x86_64-fedora-clang 2.2-13 129.01 OK
r-devel-linux-x86_64-fedora-gcc 2.2-13 119.90 OK
r-devel-windows-ix86+x86_64 2.2-13 53.00 123.00 176.00 OK
r-patched-linux-x86_64 2.2-13 21.63 81.66 103.29 OK
r-patched-solaris-x86 2.2-13 201.70 OK
r-release-linux-x86_64 2.2-13 22.18 82.19 104.37 OK
r-release-windows-ix86+x86_64 2.2-13 39.00 138.00 177.00 OK
r-release-osx-x86_64 2.2-13 FAIL
r-oldrel-windows-ix86+x86_64 2.2-13 31.00 141.00 172.00 OK
r-oldrel-osx-x86_64 2.2-13 OK

Check Details

Version: 2.2-13
Check: whether package can be installed
Result: FAIL
    
Flavor: r-release-osx-x86_64