CRAN Package Check Results for Package pbatR

Last updated on 2019-08-24 00:52:34 CEST.

Flavor Version Tinstall Tcheck Ttotal Status Flags
r-devel-linux-x86_64-debian-clang 2.2-13 23.34 81.29 104.63 OK
r-devel-linux-x86_64-debian-gcc 2.2-13 17.51 64.97 82.48 OK
r-devel-linux-x86_64-fedora-clang 2.2-13 134.60 OK
r-devel-linux-x86_64-fedora-gcc 2.2-13 128.54 OK
r-devel-windows-ix86+x86_64 2.2-13 40.00 102.00 142.00 OK
r-patched-linux-x86_64 2.2-13 21.56 81.49 103.05 OK
r-patched-solaris-x86 2.2-13 207.80 OK
r-release-linux-x86_64 2.2-13 22.63 81.14 103.77 OK
r-release-windows-ix86+x86_64 2.2-13 54.00 148.00 202.00 OK
r-release-osx-x86_64 2.2-13 FAIL
r-oldrel-windows-ix86+x86_64 2.2-13 49.00 129.00 178.00 OK
r-oldrel-osx-x86_64 2.2-13 OK

Check Details

Version: 2.2-13
Check: whether package can be installed
Result: FAIL
    
Flavor: r-release-osx-x86_64