CRAN Package Check Results for Package pbdMPI

Last updated on 2018-07-17 00:52:54 CEST.

Flavor Version Tinstall Tcheck Ttotal Status Flags
r-devel-linux-x86_64-debian-clang 0.3-6 11.24 43.08 54.32 OK
r-devel-linux-x86_64-debian-gcc 0.3-6 9.46 41.00 50.46 OK
r-devel-linux-x86_64-fedora-clang 0.3-6 78.44 OK
r-devel-linux-x86_64-fedora-gcc 0.3-6 76.16 OK
r-devel-windows-ix86+x86_64 0.3-6 102.00 79.00 181.00 OK
r-patched-linux-x86_64 0.3-6 13.29 46.72 60.01 OK
r-patched-solaris-x86 0.3-6 105.10 OK
r-release-linux-x86_64 0.3-6 11.52 48.11 59.63 OK
r-release-windows-ix86+x86_64 0.3-6 62.00 78.00 140.00 OK
r-release-osx-x86_64 0.3-6 ERROR
r-oldrel-windows-ix86+x86_64 0.3-6 77.00 97.00 174.00 OK
r-oldrel-osx-x86_64 0.3-6 ERROR

Check Details

Version: 0.3-6
Check: package dependencies
Result: NOTE
    Package which this enhances but not available for checking: ‘pbdPROF’
Flavors: r-release-osx-x86_64, r-oldrel-osx-x86_64

Version: 0.3-6
Check: whether package can be installed
Result: ERROR
    Installation failed.
Flavors: r-release-osx-x86_64, r-oldrel-osx-x86_64