CRAN Package Check Results for Package pbdMPI

Last updated on 2018-04-21 00:48:40 CEST.

Flavor Version Tinstall Tcheck Ttotal Status Flags
r-devel-linux-x86_64-debian-clang 0.3-5 15.06 47.87 62.93 OK
r-devel-linux-x86_64-debian-gcc 0.3-5 10.53 40.65 51.18 OK
r-devel-linux-x86_64-fedora-clang 0.3-5 82.79 OK
r-devel-linux-x86_64-fedora-gcc 0.3-5 75.34 OK
r-devel-windows-ix86+x86_64 0.3-5 67.00 103.00 170.00 OK
r-devel-osx-x86_64 0.3-5 ERROR
r-patched-linux-x86_64 0.3-5 13.35 50.22 63.57 OK
r-patched-solaris-x86 0.3-5 108.30 OK
r-release-linux-x86_64 0.3-5 8.03 51.68 59.71 OK
r-release-windows-ix86+x86_64 0.3-5 82.00 94.00 176.00 OK
r-release-osx-x86_64 0.3-5 ERROR
r-oldrel-windows-ix86+x86_64 0.3-5 49.00 67.00 116.00 OK

Check Details

Version: 0.3-5
Check: package dependencies
Result: NOTE
    Package which this enhances but not available for checking: ‘pbdPROF’
Flavors: r-devel-osx-x86_64, r-release-osx-x86_64

Version: 0.3-5
Check: whether package can be installed
Result: ERROR
    Installation failed.
Flavors: r-devel-osx-x86_64, r-release-osx-x86_64