CRAN Package Check Results for Package pbdMPI

Last updated on 2018-10-18 00:48:19 CEST.

Flavor Version Tinstall Tcheck Ttotal Status Flags
r-devel-linux-x86_64-debian-clang 0.3-8 14.31 50.87 65.18 WARN
r-devel-linux-x86_64-debian-gcc 0.3-8 11.27 42.41 53.68 WARN
r-devel-linux-x86_64-fedora-clang 0.3-8 82.69 OK
r-devel-linux-x86_64-fedora-gcc 0.3-8 80.63 OK
r-devel-windows-ix86+x86_64 0.3-8 82.00 79.00 161.00 OK
r-patched-linux-x86_64 0.3-8 11.59 51.03 62.62 WARN
r-patched-solaris-x86 0.3-8 103.90 OK
r-release-linux-x86_64 0.3-8 14.58 50.54 65.12 WARN
r-release-windows-ix86+x86_64 0.3-8 64.00 75.00 139.00 OK
r-release-osx-x86_64 0.3-8 ERROR
r-oldrel-windows-ix86+x86_64 0.3-8 58.00 64.00 122.00 OK
r-oldrel-osx-x86_64 0.3-8 ERROR

Additional issues

valgrind

Check Details

Version: 0.3-8
Check: dependencies in R code
Result: NOTE
    gimli.25852hfi_wait_for_device: The /dev/hfi1_0 device failed to appear after 15.0 seconds: Connection timed out
Flavor: r-devel-linux-x86_64-debian-clang

Version: 0.3-8
Check: S3 generic/method consistency
Result: WARN
    gimli.1717hfi_wait_for_device: The /dev/hfi1_0 device failed to appear after 15.0 seconds: Connection timed out
    See section ‘Generic functions and methods’ in the ‘Writing R
    Extensions’ manual.
Flavor: r-devel-linux-x86_64-debian-clang

Version: 0.3-8
Check: replacement functions
Result: WARN
    gimli.8872hfi_wait_for_device: The /dev/hfi1_0 device failed to appear after 15.0 seconds: Connection timed out
    The argument of a replacement function which corresponds to the right
    hand side must be named ‘value’.
Flavor: r-devel-linux-x86_64-debian-clang

Version: 0.3-8
Check: foreign function calls
Result: NOTE
    gimli.17089hfi_wait_for_device: The /dev/hfi1_0 device failed to appear after 15.0 seconds: Connection timed out
    See chapter ‘System and foreign language interfaces’ in the ‘Writing R
    Extensions’ manual.
Flavor: r-devel-linux-x86_64-debian-clang

Version: 0.3-8
Check: R code for possible problems
Result: NOTE
    gimli.6953hfi_wait_for_device: The /dev/hfi1_0 device failed to appear after 15.0 seconds: Connection timed out
    gimli.24878hfi_wait_for_device: The /dev/hfi1_0 device failed to appear after 15.0 seconds: Connection timed out
Flavor: r-devel-linux-x86_64-debian-clang

Version: 0.3-8
Check: for missing documentation entries
Result: WARN
    gimli.15136hfi_wait_for_device: The /dev/hfi1_0 device failed to appear after 15.0 seconds: Connection timed out
    All user-level objects in a package should have documentation entries.
    See chapter ‘Writing R documentation files’ in the ‘Writing R
    Extensions’ manual.
Flavor: r-devel-linux-x86_64-debian-clang

Version: 0.3-8
Check: for code/documentation mismatches
Result: WARN
    gimli.24458hfi_wait_for_device: The /dev/hfi1_0 device failed to appear after 15.0 seconds: Connection timed out
    gimli.31398hfi_wait_for_device: The /dev/hfi1_0 device failed to appear after 15.0 seconds: Connection timed out
    gimli.9366hfi_wait_for_device: The /dev/hfi1_0 device failed to appear after 15.0 seconds: Connection timed out
Flavor: r-devel-linux-x86_64-debian-clang

Version: 0.3-8
Check: Rd \usage sections
Result: NOTE
    gimli.20189hfi_wait_for_device: The /dev/hfi1_0 device failed to appear after 15.0 seconds: Connection timed out
    The \usage entries for S3 methods should use the \method markup and not
    their full name.
    See chapter ‘Writing R documentation files’ in the ‘Writing R
    Extensions’ manual.
Flavor: r-devel-linux-x86_64-debian-clang

Version: 0.3-8
Check: dependencies in R code
Result: NOTE
    gimli2.32237hfi_wait_for_device: The /dev/hfi1_0 device failed to appear after 15.0 seconds: Connection timed out
Flavor: r-devel-linux-x86_64-debian-gcc

Version: 0.3-8
Check: S3 generic/method consistency
Result: WARN
    gimli2.11500hfi_wait_for_device: The /dev/hfi1_0 device failed to appear after 15.0 seconds: Connection timed out
    See section ‘Generic functions and methods’ in the ‘Writing R
    Extensions’ manual.
Flavor: r-devel-linux-x86_64-debian-gcc

Version: 0.3-8
Check: replacement functions
Result: WARN
    gimli2.22504hfi_wait_for_device: The /dev/hfi1_0 device failed to appear after 15.0 seconds: Connection timed out
    The argument of a replacement function which corresponds to the right
    hand side must be named ‘value’.
Flavor: r-devel-linux-x86_64-debian-gcc

Version: 0.3-8
Check: foreign function calls
Result: NOTE
    gimli2.2187hfi_wait_for_device: The /dev/hfi1_0 device failed to appear after 15.0 seconds: Connection timed out
    See chapter ‘System and foreign language interfaces’ in the ‘Writing R
    Extensions’ manual.
Flavor: r-devel-linux-x86_64-debian-gcc

Version: 0.3-8
Check: R code for possible problems
Result: NOTE
    gimli2.19480hfi_wait_for_device: The /dev/hfi1_0 device failed to appear after 15.0 seconds: Connection timed out
    gimli2.16327hfi_wait_for_device: The /dev/hfi1_0 device failed to appear after 15.0 seconds: Connection timed out
Flavor: r-devel-linux-x86_64-debian-gcc

Version: 0.3-8
Check: for missing documentation entries
Result: WARN
    gimli2.4141hfi_wait_for_device: The /dev/hfi1_0 device failed to appear after 15.0 seconds: Connection timed out
    All user-level objects in a package should have documentation entries.
    See chapter ‘Writing R documentation files’ in the ‘Writing R
    Extensions’ manual.
Flavor: r-devel-linux-x86_64-debian-gcc

Version: 0.3-8
Check: for code/documentation mismatches
Result: WARN
    gimli2.16291hfi_wait_for_device: The /dev/hfi1_0 device failed to appear after 15.0 seconds: Connection timed out
    gimli2.27833hfi_wait_for_device: The /dev/hfi1_0 device failed to appear after 15.0 seconds: Connection timed out
    gimli2.6189hfi_wait_for_device: The /dev/hfi1_0 device failed to appear after 15.0 seconds: Connection timed out
Flavor: r-devel-linux-x86_64-debian-gcc

Version: 0.3-8
Check: Rd \usage sections
Result: NOTE
    gimli2.17606hfi_wait_for_device: The /dev/hfi1_0 device failed to appear after 15.0 seconds: Connection timed out
    The \usage entries for S3 methods should use the \method markup and not
    their full name.
    See chapter ‘Writing R documentation files’ in the ‘Writing R
    Extensions’ manual.
Flavor: r-devel-linux-x86_64-debian-gcc

Version: 0.3-8
Check: dependencies in R code
Result: NOTE
    gimli.6552hfi_wait_for_device: The /dev/hfi1_0 device failed to appear after 15.0 seconds: Connection timed out
Flavor: r-patched-linux-x86_64

Version: 0.3-8
Check: S3 generic/method consistency
Result: WARN
    gimli.15926hfi_wait_for_device: The /dev/hfi1_0 device failed to appear after 15.0 seconds: Connection timed out
    See section ‘Generic functions and methods’ in the ‘Writing R
    Extensions’ manual.
Flavor: r-patched-linux-x86_64

Version: 0.3-8
Check: replacement functions
Result: WARN
    gimli.21644hfi_wait_for_device: The /dev/hfi1_0 device failed to appear after 15.0 seconds: Connection timed out
    The argument of a replacement function which corresponds to the right
    hand side must be named ‘value’.
Flavor: r-patched-linux-x86_64

Version: 0.3-8
Check: foreign function calls
Result: NOTE
    gimli.27475hfi_wait_for_device: The /dev/hfi1_0 device failed to appear after 15.0 seconds: Connection timed out
    See chapter ‘System and foreign language interfaces’ in the ‘Writing R
    Extensions’ manual.
Flavor: r-patched-linux-x86_64

Version: 0.3-8
Check: R code for possible problems
Result: NOTE
    gimli.20831hfi_wait_for_device: The /dev/hfi1_0 device failed to appear after 15.0 seconds: Connection timed out
    gimli.940hfi_wait_for_device: The /dev/hfi1_0 device failed to appear after 15.0 seconds: Connection timed out
Flavor: r-patched-linux-x86_64

Version: 0.3-8
Check: for missing documentation entries
Result: WARN
    gimli.31021hfi_wait_for_device: The /dev/hfi1_0 device failed to appear after 15.0 seconds: Connection timed out
    All user-level objects in a package should have documentation entries.
    See chapter ‘Writing R documentation files’ in the ‘Writing R
    Extensions’ manual.
Flavor: r-patched-linux-x86_64

Version: 0.3-8
Check: for code/documentation mismatches
Result: WARN
    gimli.8190hfi_wait_for_device: The /dev/hfi1_0 device failed to appear after 15.0 seconds: Connection timed out
    gimli.14318hfi_wait_for_device: The /dev/hfi1_0 device failed to appear after 15.0 seconds: Connection timed out
    gimli.20306hfi_wait_for_device: The /dev/hfi1_0 device failed to appear after 15.0 seconds: Connection timed out
Flavor: r-patched-linux-x86_64

Version: 0.3-8
Check: Rd \usage sections
Result: NOTE
    gimli.25886hfi_wait_for_device: The /dev/hfi1_0 device failed to appear after 15.0 seconds: Connection timed out
    The \usage entries for S3 methods should use the \method markup and not
    their full name.
    See chapter ‘Writing R documentation files’ in the ‘Writing R
    Extensions’ manual.
Flavor: r-patched-linux-x86_64

Version: 0.3-8
Check: dependencies in R code
Result: NOTE
    gimli.10305hfi_wait_for_device: The /dev/hfi1_0 device failed to appear after 15.0 seconds: Connection timed out
Flavor: r-release-linux-x86_64

Version: 0.3-8
Check: S3 generic/method consistency
Result: WARN
    gimli.17709hfi_wait_for_device: The /dev/hfi1_0 device failed to appear after 15.0 seconds: Connection timed out
    See section ‘Generic functions and methods’ in the ‘Writing R
    Extensions’ manual.
Flavor: r-release-linux-x86_64

Version: 0.3-8
Check: replacement functions
Result: WARN
    gimli.23770hfi_wait_for_device: The /dev/hfi1_0 device failed to appear after 15.0 seconds: Connection timed out
    The argument of a replacement function which corresponds to the right
    hand side must be named ‘value’.
Flavor: r-release-linux-x86_64

Version: 0.3-8
Check: foreign function calls
Result: NOTE
    gimli.29356hfi_wait_for_device: The /dev/hfi1_0 device failed to appear after 15.0 seconds: Connection timed out
    See chapter ‘System and foreign language interfaces’ in the ‘Writing R
    Extensions’ manual.
Flavor: r-release-linux-x86_64

Version: 0.3-8
Check: R code for possible problems
Result: NOTE
    gimli.24074hfi_wait_for_device: The /dev/hfi1_0 device failed to appear after 15.0 seconds: Connection timed out
    gimli.4013hfi_wait_for_device: The /dev/hfi1_0 device failed to appear after 15.0 seconds: Connection timed out
Flavor: r-release-linux-x86_64

Version: 0.3-8
Check: for missing documentation entries
Result: WARN
    gimli.2104hfi_wait_for_device: The /dev/hfi1_0 device failed to appear after 15.0 seconds: Connection timed out
    All user-level objects in a package should have documentation entries.
    See chapter ‘Writing R documentation files’ in the ‘Writing R
    Extensions’ manual.
Flavor: r-release-linux-x86_64

Version: 0.3-8
Check: for code/documentation mismatches
Result: WARN
    gimli.11551hfi_wait_for_device: The /dev/hfi1_0 device failed to appear after 15.0 seconds: Connection timed out
    gimli.16462hfi_wait_for_device: The /dev/hfi1_0 device failed to appear after 15.0 seconds: Connection timed out
    gimli.22844hfi_wait_for_device: The /dev/hfi1_0 device failed to appear after 15.0 seconds: Connection timed out
Flavor: r-release-linux-x86_64

Version: 0.3-8
Check: Rd \usage sections
Result: NOTE
    gimli.29015hfi_wait_for_device: The /dev/hfi1_0 device failed to appear after 15.0 seconds: Connection timed out
    The \usage entries for S3 methods should use the \method markup and not
    their full name.
    See chapter ‘Writing R documentation files’ in the ‘Writing R
    Extensions’ manual.
Flavor: r-release-linux-x86_64

Version: 0.3-8
Check: package dependencies
Result: NOTE
    Package which this enhances but not available for checking: ‘pbdPROF’
Flavors: r-release-osx-x86_64, r-oldrel-osx-x86_64

Version: 0.3-8
Check: whether package can be installed
Result: ERROR
    Installation failed.
Flavors: r-release-osx-x86_64, r-oldrel-osx-x86_64