CRAN Package Check Results for Package pbdMPI

Last updated on 2018-01-24 00:47:09 CET.

Flavor Version Tinstall Tcheck Ttotal Status Flags
r-devel-linux-x86_64-debian-clang 0.3-4 8.47 47.59 56.06 OK
r-devel-linux-x86_64-debian-gcc 0.3-4 5.92 39.68 45.60 OK
r-devel-linux-x86_64-fedora-clang 0.3-4 69.07 OK
r-devel-linux-x86_64-fedora-gcc 0.3-4 66.14 OK
r-devel-windows-ix86+x86_64 0.3-4 98.00 73.00 171.00 OK
r-patched-linux-x86_64 0.3-4 8.07 46.74 54.81 OK
r-patched-solaris-x86 0.3-4 88.30 OK
r-release-linux-x86_64 0.3-4 7.87 46.99 54.86 OK
r-release-windows-ix86+x86_64 0.3-4 52.00 67.00 119.00 OK
r-release-osx-x86_64 0.3-4 ERROR
r-oldrel-windows-ix86+x86_64 0.3-4 93.00 87.00 180.00 OK
r-oldrel-osx-x86_64 0.3-4 ERROR

Check Details

Version: 0.3-4
Check: package dependencies
Result: NOTE
    Package which this enhances but not available for checking: ‘pbdPROF’
Flavors: r-release-osx-x86_64, r-oldrel-osx-x86_64

Version: 0.3-4
Check: whether package can be installed
Result: ERROR
    Installation failed.
Flavors: r-release-osx-x86_64, r-oldrel-osx-x86_64