CRAN Package Check Results for Package pbdMPI

Last updated on 2019-01-19 00:46:36 CET.

Flavor Version Tinstall Tcheck Ttotal Status Flags
r-devel-linux-x86_64-debian-clang 0.3-8 13.63 54.26 67.89 OK
r-devel-linux-x86_64-debian-gcc 0.3-8 10.92 42.98 53.90 OK
r-devel-linux-x86_64-fedora-clang 0.3-8 82.81 OK
r-devel-linux-x86_64-fedora-gcc 0.3-8 77.98 OK
r-devel-windows-ix86+x86_64 0.3-8 63.00 118.00 181.00 OK
r-patched-linux-x86_64 0.3-8 13.93 50.96 64.89 OK
r-patched-solaris-x86 0.3-8 110.50 OK
r-release-linux-x86_64 0.3-8 12.41 50.64 63.05 OK
r-release-windows-ix86+x86_64 0.3-8 61.00 72.00 133.00 OK
r-release-osx-x86_64 0.3-8 ERROR
r-oldrel-windows-ix86+x86_64 0.3-8 57.00 101.00 158.00 OK
r-oldrel-osx-x86_64 0.3-8 ERROR

Additional issues

valgrind

Check Details

Version: 0.3-8
Check: package dependencies
Result: NOTE
    Package which this enhances but not available for checking: ‘pbdPROF’
Flavors: r-release-osx-x86_64, r-oldrel-osx-x86_64

Version: 0.3-8
Check: whether package can be installed
Result: ERROR
    Installation failed.
Flavors: r-release-osx-x86_64, r-oldrel-osx-x86_64