CRAN Package Check Results for Package pegas

Last updated on 2019-08-19 00:46:29 CEST.

Flavor Version Tinstall Tcheck Ttotal Status Flags
r-devel-linux-x86_64-debian-clang 0.11 18.50 137.24 155.74 WARN
r-devel-linux-x86_64-debian-gcc 0.11 14.31 105.93 120.24 WARN
r-devel-linux-x86_64-fedora-clang 0.11 187.43 OK
r-devel-linux-x86_64-fedora-gcc 0.11 186.89 WARN
r-devel-windows-ix86+x86_64 0.11 51.00 224.00 275.00 OK
r-patched-linux-x86_64 0.11 17.77 131.35 149.12 OK
r-patched-solaris-x86 0.11 318.10 OK
r-release-linux-x86_64 0.11 18.25 132.30 150.55 OK
r-release-windows-ix86+x86_64 0.11 32.00 213.00 245.00 OK
r-release-osx-x86_64 0.11 OK
r-oldrel-windows-ix86+x86_64 0.11 35.00 234.00 269.00 OK
r-oldrel-osx-x86_64 0.11 OK

Check Details

Version: 0.11
Check: whether package can be installed
Result: WARN
    Found the following significant warnings:
     readVCFbin.c:32:5: warning: ignoring return value of function declared with 'warn_unused_result' attribute [-Wunused-result]
Flavor: r-devel-linux-x86_64-debian-clang

Version: 0.11
Check: whether package can be installed
Result: WARN
    Found the following significant warnings:
     readVCFbin.c:32:5: warning: ignoring return value of ‘fread’, declared with attribute warn_unused_result [-Wunused-result]
Flavors: r-devel-linux-x86_64-debian-gcc, r-devel-linux-x86_64-fedora-gcc