CRAN Package Check Results for Package pegas

Last updated on 2019-12-06 00:50:04 CET.

Flavor Version Tinstall Tcheck Ttotal Status Flags
r-devel-linux-x86_64-debian-clang 0.12 21.42 156.83 178.25 OK
r-devel-linux-x86_64-debian-gcc 0.12 17.30 119.50 136.80 OK
r-devel-linux-x86_64-fedora-clang 0.12 200.44 OK
r-devel-linux-x86_64-fedora-gcc 0.12 201.26 OK
r-devel-windows-ix86+x86_64 0.12 39.00 298.00 337.00 OK
r-devel-windows-ix86+x86_64-gcc8 0.12 46.00 315.00 361.00 OK
r-patched-linux-x86_64 0.12 18.39 141.15 159.54 OK
r-patched-solaris-x86 0.12 291.50 OK
r-release-linux-x86_64 0.12 17.50 140.96 158.46 OK
r-release-windows-ix86+x86_64 0.12 34.00 226.00 260.00 OK
r-release-osx-x86_64 0.12 NOTE
r-oldrel-windows-ix86+x86_64 0.12 25.00 181.00 206.00 OK
r-oldrel-osx-x86_64 0.12 NOTE

Check Details

Version: 0.12
Check: dependencies in R code
Result: NOTE
    No protocol specified
Flavors: r-release-osx-x86_64, r-oldrel-osx-x86_64