CRAN Package Check Results for Package pensim

Last updated on 2019-07-16 00:48:19 CEST.

Flavor Version Tinstall Tcheck Ttotal Status Flags
r-devel-linux-x86_64-debian-clang 1.2.9 6.88 98.75 105.63 NOTE
r-devel-linux-x86_64-debian-gcc 1.2.9 5.62 77.21 82.83 NOTE
r-devel-linux-x86_64-fedora-clang 1.2.9 125.99 NOTE
r-devel-linux-x86_64-fedora-gcc 1.2.9 121.32 NOTE
r-devel-windows-ix86+x86_64 1.2.9 21.00 133.00 154.00 NOTE
r-patched-linux-x86_64 1.2.9 7.92 96.93 104.85 NOTE
r-patched-solaris-x86 1.2.9 254.90 NOTE
r-release-linux-x86_64 1.2.9 7.09 97.30 104.39 NOTE
r-release-windows-ix86+x86_64 1.2.9 14.00 186.00 200.00 NOTE
r-release-osx-x86_64 1.2.9 NOTE
r-oldrel-windows-ix86+x86_64 1.2.9 12.00 120.00 132.00 NOTE
r-oldrel-osx-x86_64 1.2.9 NOTE

Check Details

Version: 1.2.9
Check: R code for possible problems
Result: NOTE
    create.data: no visible global function definition for 'rexp'
    create.data: no visible global function definition for 'runif'
    create.data: no visible global function definition for 'rbinom'
    opt.splitval: no visible global function definition for 'na.omit'
    opt2D : opt.both: no visible global function definition for 'optim'
    Undefined global functions or variables:
     na.omit optim rbinom rexp runif
    Consider adding
     importFrom("stats", "na.omit", "optim", "rbinom", "rexp", "runif")
    to your NAMESPACE file.
Flavors: r-devel-linux-x86_64-debian-clang, r-devel-linux-x86_64-debian-gcc, r-devel-linux-x86_64-fedora-clang, r-devel-linux-x86_64-fedora-gcc, r-devel-windows-ix86+x86_64, r-patched-linux-x86_64, r-patched-solaris-x86, r-release-linux-x86_64, r-release-windows-ix86+x86_64, r-release-osx-x86_64, r-oldrel-windows-ix86+x86_64, r-oldrel-osx-x86_64