CRAN Package Check Results for Package perARMA

Last updated on 2019-09-17 00:49:21 CEST.

Flavor Version Tinstall Tcheck Ttotal Status Flags
r-devel-linux-x86_64-debian-clang 1.6 7.08 40.68 47.76 NOTE
r-devel-linux-x86_64-debian-gcc 1.6 NOTE
r-devel-linux-x86_64-fedora-clang 1.6 58.03 NOTE
r-devel-linux-x86_64-fedora-gcc 1.6 57.90 NOTE
r-devel-windows-ix86+x86_64 1.6 13.00 69.00 82.00 OK
r-patched-linux-x86_64 1.6 5.78 41.83 47.61 OK
r-patched-solaris-x86 1.6 74.90 OK
r-release-linux-x86_64 1.6 6.90 42.35 49.25 OK
r-release-windows-ix86+x86_64 1.6 11.00 75.00 86.00 OK
r-release-osx-x86_64 1.6 OK
r-oldrel-windows-ix86+x86_64 1.6 10.00 49.00 59.00 OK
r-oldrel-osx-x86_64 1.6 OK

Check Details

Version: 1.6
Check: for non-standard things in the check directory
Result: NOTE
    Found the following files/directories:
     'PARMA21del1_ident'
Flavors: r-devel-linux-x86_64-debian-clang, r-devel-linux-x86_64-debian-gcc, r-devel-linux-x86_64-fedora-clang, r-devel-linux-x86_64-fedora-gcc