CRAN Package Check Results for Package perARMA

Last updated on 2019-06-18 00:51:48 CEST.

Flavor Version Tinstall Tcheck Ttotal Status Flags
r-devel-linux-x86_64-debian-clang 1.6 4.67 41.47 46.14 NOTE
r-devel-linux-x86_64-debian-gcc 1.6 4.78 33.18 37.96 NOTE
r-devel-linux-x86_64-fedora-clang 1.6 56.01 NOTE
r-devel-linux-x86_64-fedora-gcc 1.6 53.78 NOTE
r-devel-windows-ix86+x86_64 1.6 12.00 53.00 65.00 OK
r-patched-linux-x86_64 1.6 4.89 42.13 47.02 OK
r-patched-solaris-x86 1.6 77.50 OK
r-release-linux-x86_64 1.6 6.20 42.32 48.52 OK
r-release-windows-ix86+x86_64 1.6 9.00 73.00 82.00 OK
r-release-osx-x86_64 1.6 OK
r-oldrel-windows-ix86+x86_64 1.6 8.00 73.00 81.00 OK
r-oldrel-osx-x86_64 1.6 OK

Check Details

Version: 1.6
Check: for non-standard things in the check directory
Result: NOTE
    Found the following files/directories:
     'PARMA21del1_ident'
Flavors: r-devel-linux-x86_64-debian-clang, r-devel-linux-x86_64-debian-gcc, r-devel-linux-x86_64-fedora-clang, r-devel-linux-x86_64-fedora-gcc