CRAN Package Check Results for Package perccal

Last updated on 2019-07-16 00:48:19 CEST.

Flavor Version Tinstall Tcheck Ttotal Status Flags
r-devel-linux-x86_64-debian-clang 1.0 27.63 27.13 54.76 OK
r-devel-linux-x86_64-debian-gcc 1.0 23.25 21.24 44.49 OK
r-devel-linux-x86_64-fedora-clang 1.0 78.18 NOTE
r-devel-linux-x86_64-fedora-gcc 1.0 77.51 NOTE
r-devel-windows-ix86+x86_64 1.0 80.00 63.00 143.00 OK
r-patched-linux-x86_64 1.0 25.65 27.01 52.66 OK
r-patched-solaris-x86 1.0 96.90 OK
r-release-linux-x86_64 1.0 25.62 27.24 52.86 OK
r-release-windows-ix86+x86_64 1.0 52.00 81.00 133.00 OK
r-release-osx-x86_64 1.0 OK
r-oldrel-windows-ix86+x86_64 1.0 70.00 55.00 125.00 OK
r-oldrel-osx-x86_64 1.0 OK

Check Details

Version: 1.0
Check: compiled code
Result: NOTE
    File ‘perccal/libs/perccal.so’:
     Found no calls to: ‘R_registerRoutines’, ‘R_useDynamicSymbols’
    
    It is good practice to register native routines and to disable symbol
    search.
    
    See ‘Writing portable packages’ in the ‘Writing R Extensions’ manual.
Flavors: r-devel-linux-x86_64-fedora-clang, r-devel-linux-x86_64-fedora-gcc