CRAN Package Check Results for Package perccal

Last updated on 2019-10-23 00:47:58 CEST.

Flavor Version Tinstall Tcheck Ttotal Status Flags
r-devel-linux-x86_64-debian-clang 1.0 35.02 26.57 61.59 OK
r-devel-linux-x86_64-debian-gcc 1.0 25.25 20.97 46.22 OK
r-devel-linux-x86_64-fedora-clang 1.0 81.87 NOTE
r-devel-linux-x86_64-fedora-gcc 1.0 77.11 NOTE
r-devel-windows-ix86+x86_64 1.0 54.00 86.00 140.00 OK
r-patched-linux-x86_64 1.0 27.86 26.30 54.16 OK
r-patched-solaris-x86 1.0 86.60 OK
r-release-linux-x86_64 1.0 28.19 26.76 54.95 OK
r-release-windows-ix86+x86_64 1.0 74.00 76.00 150.00 OK
r-release-osx-x86_64 1.0 OK
r-oldrel-windows-ix86+x86_64 1.0 68.00 78.00 146.00 OK
r-oldrel-osx-x86_64 1.0 OK

Check Details

Version: 1.0
Check: compiled code
Result: NOTE
    File ‘perccal/libs/perccal.so’:
     Found no calls to: ‘R_registerRoutines’, ‘R_useDynamicSymbols’
    
    It is good practice to register native routines and to disable symbol
    search.
    
    See ‘Writing portable packages’ in the ‘Writing R Extensions’ manual.
Flavors: r-devel-linux-x86_64-fedora-clang, r-devel-linux-x86_64-fedora-gcc