CRAN Package Check Results for Package permDep

Last updated on 2019-11-12 00:52:50 CET.

Flavor Version Tinstall Tcheck Ttotal Status Flags
r-devel-linux-x86_64-debian-clang 1.0.2 9.62 55.83 65.45 WARN
r-devel-linux-x86_64-debian-gcc 1.0.2 7.06 43.48 50.54 WARN
r-devel-linux-x86_64-fedora-clang 1.0.2 79.02 WARN
r-devel-linux-x86_64-fedora-gcc 1.0.2 78.13 WARN
r-devel-windows-ix86+x86_64 1.0.2 20.00 87.00 107.00 WARN
r-patched-linux-x86_64 1.0.2 7.00 55.27 62.27 OK
r-patched-solaris-x86 1.0.2 116.80 OK
r-release-linux-x86_64 1.0.2 8.81 52.88 61.69 OK
r-release-windows-ix86+x86_64 1.0.2 28.00 121.00 149.00 OK
r-release-osx-x86_64 1.0.2 OK
r-oldrel-windows-ix86+x86_64 1.0.2 17.00 90.00 107.00 OK
r-oldrel-osx-x86_64 1.0.2 OK

Check Details

Version: 1.0.2
Check: whether package can be installed
Result: WARN
    Found the following significant warnings:
     permTest.c:20:3: warning: expression result unused [-Wunused-value]
     permTest.c:62:3: warning: expression result unused [-Wunused-value]
     permTest.c:90:3: warning: expression result unused [-Wunused-value]
Flavors: r-devel-linux-x86_64-debian-clang, r-devel-linux-x86_64-fedora-clang

Version: 1.0.2
Check: whether package can be installed
Result: WARN
    Found the following significant warnings:
     permTest.c:20:3: warning: statement with no effect [-Wunused-value]
     permTest.c:62:3: warning: statement with no effect [-Wunused-value]
     permTest.c:90:3: warning: statement with no effect [-Wunused-value]
Flavors: r-devel-linux-x86_64-debian-gcc, r-devel-linux-x86_64-fedora-gcc, r-devel-windows-ix86+x86_64