CRAN Package Check Results for Package permGPU

Last updated on 2019-07-16 00:48:19 CEST.

Flavor Version Tinstall Tcheck Ttotal Status Flags
r-devel-linux-x86_64-debian-clang 0.14.9 6.71 60.99 67.70 OK --no-examples --no-tests --no-vignettes
r-devel-linux-x86_64-debian-gcc 0.14.9 6.58 48.92 55.50 OK --no-examples --no-tests --no-vignettes
r-patched-linux-x86_64 0.14.9 6.94 61.14 68.08 OK --no-examples --no-tests --no-vignettes
r-release-linux-x86_64 0.14.9 7.30 60.75 68.05 OK --no-examples --no-tests --no-vignettes
r-release-osx-x86_64 0.14.9 ERROR
r-oldrel-osx-x86_64 0.14.9 ERROR

Check Details

Version: 0.14.9
Check: package dependencies
Result: ERROR
    Package required but not available: ‘Biobase’
    
    See section ‘The DESCRIPTION file’ in the ‘Writing R Extensions’
    manual.
Flavor: r-release-osx-x86_64

Version: 0.14.9
Check: whether package can be installed
Result: ERROR
    Installation failed.
Flavor: r-oldrel-osx-x86_64