CRAN Package Check Results for Package permGPU

Last updated on 2019-11-22 00:49:20 CET.

Flavor Version Tinstall Tcheck Ttotal Status Flags
r-devel-linux-x86_64-debian-clang 0.14.9 8.12 64.03 72.15 OK --no-examples --no-tests --no-vignettes
r-devel-linux-x86_64-debian-gcc 0.14.9 6.69 51.56 58.25 OK --no-examples --no-tests --no-vignettes
r-patched-linux-x86_64 0.14.9 6.42 61.16 67.58 OK --no-examples --no-tests --no-vignettes
r-release-linux-x86_64 0.14.9 7.95 61.64 69.59 OK --no-examples --no-tests --no-vignettes
r-release-osx-x86_64 0.14.9 ERROR
r-oldrel-osx-x86_64 0.14.9 ERROR

Check Details

Version: 0.14.9
Check: whether package can be installed
Result: ERROR
    Installation failed.
Flavors: r-release-osx-x86_64, r-oldrel-osx-x86_64