CRAN Package Check Results for Package pez

Last updated on 2020-01-22 00:49:04 CET.

Flavor Version Tinstall Tcheck Ttotal Status Flags
r-devel-linux-x86_64-debian-clang 1.2-0 17.36 192.12 209.48 OK
r-devel-linux-x86_64-debian-gcc 1.2-0 14.30 151.60 165.90 OK
r-devel-linux-x86_64-fedora-clang 1.2-0 251.69 OK
r-devel-linux-x86_64-fedora-gcc 1.2-0 247.59 OK
r-devel-windows-ix86+x86_64 1.2-0 55.00 304.00 359.00 OK
r-devel-windows-ix86+x86_64-gcc8 1.2-0 50.00 201.00 251.00 WARN
r-patched-linux-x86_64 1.2-0 12.39 181.21 193.60 OK
r-patched-solaris-x86 1.2-0 320.50 OK
r-release-linux-x86_64 1.2-0 13.02 181.42 194.44 OK
r-release-windows-ix86+x86_64 1.2-0 26.00 215.00 241.00 OK
r-release-osx-x86_64 1.2-0 OK
r-oldrel-windows-ix86+x86_64 1.2-0 16.00 168.00 184.00 OK
r-oldrel-osx-x86_64 1.2-0 OK

Check Details

Version: 1.2-0
Check: re-building of vignette outputs
Result: WARN
    Error(s) in re-building vignettes:
    --- re-building 'pez-intro.Rnw' using knitr
    Warning in block_exec(params) :
     Failed to tidy R code in chunk 'unnamed-chunk-2'. Reason:
    Error in loadNamespace(name) : there is no package called 'formatR'
    
    Warning in block_exec(params) :
     Failed to tidy R code in chunk 'unnamed-chunk-3'. Reason:
    Error in loadNamespace(name) : there is no package called 'formatR'
    
    Warning in block_exec(params) :
     Failed to tidy R code in chunk 'unnamed-chunk-4'. Reason:
    Error in loadNamespace(name) : there is no package called 'formatR'
    
    Warning in block_exec(params) :
     Failed to tidy R code in chunk 'unnamed-chunk-5'. Reason:
    Error in loadNamespace(name) : there is no package called 'formatR'
    
    Warning in block_exec(params) :
     Failed to tidy R code in chunk 'unnamed-chunk-6'. Reason:
    Error in loadNamespace(name) : there is no package called 'formatR'
    
    Warning in block_exec(params) :
     Failed to tidy R code in chunk 'unnamed-chunk-7'. Reason:
    Error in loadNamespace(name) : there is no package called 'formatR'
    
    Warning in block_exec(params) :
     Failed to tidy R code in chunk 'unnamed-chunk-8'. Reason:
    Error in loadNamespace(name) : there is no package called 'formatR'
    
    Warning in block_exec(params) :
     Failed to tidy R code in chunk 'unnamed-chunk-9'. Reason:
    Error in loadNamespace(name) : there is no package called 'formatR'
    
    Warning in block_exec(params) :
     Failed to tidy R code in chunk 'unnamed-chunk-10'. Reason:
    Error in loadNamespace(name) : there is no package called 'formatR'
    
    Warning in block_exec(params) :
     Failed to tidy R code in chunk 'pglmmSim'. Reason:
    Error in loadNamespace(name) : there is no package called 'formatR'
    
    Warning in block_exec(params) :
     Failed to tidy R code in chunk 'pglmmModel'. Reason:
    Error in loadNamespace(name) : there is no package called 'formatR'
    
    --- finished re-building 'pez-intro.Rnw'
    
    --- re-building 'pez-pglmm-overview.Rnw' using knitr
    Warning in block_exec(params) :
     Failed to tidy R code in chunk 'unnamed-chunk-2'. Reason:
    Error in loadNamespace(name) : there is no package called 'formatR'
    
    Warning in block_exec(params) :
     Failed to tidy R code in chunk 'unnamed-chunk-3'. Reason:
    Error in loadNamespace(name) : there is no package called 'formatR'
    
    Warning in block_exec(params) :
     Failed to tidy R code in chunk 'unnamed-chunk-4'. Reason:
    Error in loadNamespace(name) : there is no package called 'formatR'
    
    Warning in block_exec(params) :
     Failed to tidy R code in chunk 'unnamed-chunk-5'. Reason:
    Error in loadNamespace(name) : there is no package called 'formatR'
    
    Warning in block_exec(params) :
     Failed to tidy R code in chunk 'unnamed-chunk-6'. Reason:
    Error in loadNamespace(name) : there is no package called 'formatR'
    
    Warning in block_exec(params) :
     Failed to tidy R code in chunk 'unnamed-chunk-7'. Reason:
    Error in loadNamespace(name) : there is no package called 'formatR'
    
    Warning in block_exec(params) :
     Failed to tidy R code in chunk 'unnamed-chunk-8'. Reason:
    Error in loadNamespace(name) : there is no package called 'formatR'
    
    Quitting from lines 181-184 (pez-pglmm-overview.Rnw)
    Error: processing vignette 'pez-pglmm-overview.Rnw' failed with diagnostics:
    Estimation of B failed. Check for lack of variation in Y. You could try with a smaller s2.init, but this might not help.
    --- failed re-building 'pez-pglmm-overview.Rnw'
    
    SUMMARY: processing the following file failed:
     'pez-pglmm-overview.Rnw'
    
    Error: Vignette re-building failed.
    Execution halted
Flavor: r-devel-windows-ix86+x86_64-gcc8