CRAN Package Check Results for Package ph2bye

Last updated on 2019-10-15 00:50:02 CEST.

Flavor Version Tinstall Tcheck Ttotal Status Flags
r-devel-linux-x86_64-debian-clang 0.1.4 15.51 31.88 47.39 NOTE
r-devel-linux-x86_64-debian-gcc 0.1.4 10.72 25.12 35.84 NOTE
r-devel-linux-x86_64-fedora-clang 0.1.4 66.08 NOTE
r-devel-linux-x86_64-fedora-gcc 0.1.4 59.18 NOTE
r-devel-windows-ix86+x86_64 0.1.4 28.00 89.00 117.00 OK
r-patched-linux-x86_64 0.1.4 12.26 31.42 43.68 OK
r-patched-solaris-x86 0.1.4 77.20 OK
r-release-linux-x86_64 0.1.4 13.82 31.16 44.98 OK
r-release-windows-ix86+x86_64 0.1.4 37.00 67.00 104.00 OK
r-release-osx-x86_64 0.1.4 OK
r-oldrel-windows-ix86+x86_64 0.1.4 25.00 63.00 88.00 OK
r-oldrel-osx-x86_64 0.1.4 OK

Check Details

Version: 0.1.4
Check: for non-standard things in the check directory
Result: NOTE
    Found the following files/directories:
     'animation.gif'
Flavors: r-devel-linux-x86_64-debian-clang, r-devel-linux-x86_64-debian-gcc, r-devel-linux-x86_64-fedora-clang, r-devel-linux-x86_64-fedora-gcc

Version: 0.1.4
Check: compiled code
Result: NOTE
    File ‘ph2bye/libs/ph2bye.so’:
     Found no calls to: ‘R_registerRoutines’, ‘R_useDynamicSymbols’
    
    It is good practice to register native routines and to disable symbol
    search.
    
    See ‘Writing portable packages’ in the ‘Writing R Extensions’ manual.
Flavors: r-devel-linux-x86_64-fedora-clang, r-devel-linux-x86_64-fedora-gcc