CRAN Package Check Results for Package ph2bye

Last updated on 2019-07-16 00:48:19 CEST.

Flavor Version Tinstall Tcheck Ttotal Status Flags
r-devel-linux-x86_64-debian-clang 0.1.4 13.14 32.80 45.94 NOTE
r-devel-linux-x86_64-debian-gcc 0.1.4 10.73 26.43 37.16 NOTE
r-devel-linux-x86_64-fedora-clang 0.1.4 65.32 NOTE
r-devel-linux-x86_64-fedora-gcc 0.1.4 57.98 NOTE
r-devel-windows-ix86+x86_64 0.1.4 40.00 66.00 106.00 OK
r-patched-linux-x86_64 0.1.4 12.25 32.16 44.41 OK
r-patched-solaris-x86 0.1.4 82.40 OK
r-release-linux-x86_64 0.1.4 11.81 31.94 43.75 OK
r-release-windows-ix86+x86_64 0.1.4 30.00 93.00 123.00 OK
r-release-osx-x86_64 0.1.4 OK
r-oldrel-windows-ix86+x86_64 0.1.4 34.00 64.00 98.00 OK
r-oldrel-osx-x86_64 0.1.4 OK

Check Details

Version: 0.1.4
Check: for non-standard things in the check directory
Result: NOTE
    Found the following files/directories:
     'animation.gif'
Flavors: r-devel-linux-x86_64-debian-clang, r-devel-linux-x86_64-debian-gcc, r-devel-linux-x86_64-fedora-clang, r-devel-linux-x86_64-fedora-gcc

Version: 0.1.4
Check: compiled code
Result: NOTE
    File ‘ph2bye/libs/ph2bye.so’:
     Found no calls to: ‘R_registerRoutines’, ‘R_useDynamicSymbols’
    
    It is good practice to register native routines and to disable symbol
    search.
    
    See ‘Writing portable packages’ in the ‘Writing R Extensions’ manual.
Flavors: r-devel-linux-x86_64-fedora-clang, r-devel-linux-x86_64-fedora-gcc