CRAN Package Check Results for Package phangorn

Last updated on 2019-09-21 00:52:48 CEST.

Flavor Version Tinstall Tcheck Ttotal Status Flags
r-devel-linux-x86_64-debian-clang 2.5.5 46.13 240.17 286.30 OK
r-devel-linux-x86_64-debian-gcc 2.5.5 36.07 187.91 223.98 OK
r-devel-linux-x86_64-fedora-clang 2.5.5 385.33 OK
r-devel-linux-x86_64-fedora-gcc 2.5.5 352.28 OK
r-devel-windows-ix86+x86_64 2.5.5 112.00 327.00 439.00 OK
r-patched-linux-x86_64 2.5.5 41.42 243.58 285.00 OK
r-patched-solaris-x86 2.5.5 456.80 OK
r-release-linux-x86_64 2.5.5 40.20 239.15 279.35 OK
r-release-windows-ix86+x86_64 2.5.5 78.00 338.00 416.00 NOTE
r-release-osx-x86_64 2.5.5 NOTE
r-oldrel-windows-ix86+x86_64 2.5.5 74.00 284.00 358.00 OK
r-oldrel-osx-x86_64 2.5.5 OK

Check Details

Version: 2.5.5
Check: installed package size
Result: NOTE
     installed size is 5.0Mb
     sub-directories of 1Mb or more:
     doc 1.1Mb
     libs 1.7Mb
Flavor: r-release-windows-ix86+x86_64

Version: 2.5.5
Check: package dependencies
Result: NOTE
    Package suggested but not available for checking: ‘Biostrings’
Flavor: r-release-osx-x86_64