CRAN Package Check Results for Package phangorn

Last updated on 2019-06-26 00:47:41 CEST.

Flavor Version Tinstall Tcheck Ttotal Status Flags
r-devel-linux-x86_64-debian-clang 2.5.5 45.55 248.43 293.98 OK
r-devel-linux-x86_64-debian-gcc 2.5.5 34.09 188.30 222.39 OK
r-devel-linux-x86_64-fedora-clang 2.5.5 354.72 OK
r-devel-linux-x86_64-fedora-gcc 2.5.5 318.61 OK
r-devel-windows-ix86+x86_64 2.5.5 109.00 340.00 449.00 NOTE
r-patched-linux-x86_64 2.5.5 42.09 240.16 282.25 OK
r-patched-solaris-x86 2.5.5 452.30 OK
r-release-linux-x86_64 2.5.5 38.87 249.18 288.05 OK
r-release-windows-ix86+x86_64 2.5.5 87.00 320.00 407.00 NOTE
r-release-osx-x86_64 2.5.5 NOTE
r-oldrel-windows-ix86+x86_64 2.5.5 70.00 279.00 349.00 NOTE
r-oldrel-osx-x86_64 2.5.5 OK

Check Details

Version: 2.5.5
Check: installed package size
Result: NOTE
     installed size is 5.0Mb
     sub-directories of 1Mb or more:
     doc 1.1Mb
     libs 1.7Mb
Flavors: r-devel-windows-ix86+x86_64, r-release-windows-ix86+x86_64, r-oldrel-windows-ix86+x86_64

Version: 2.5.5
Check: package dependencies
Result: NOTE
    Package suggested but not available for checking: ‘Biostrings’
Flavor: r-release-osx-x86_64