CRAN Package Check Results for Package phybreak

Last updated on 2019-10-20 00:47:36 CEST.

Flavor Version Tinstall Tcheck Ttotal Status Flags
r-devel-linux-x86_64-debian-clang 0.2.0 89.54 132.14 221.68 NOTE
r-devel-linux-x86_64-debian-gcc 0.2.0 63.49 105.23 168.72 NOTE
r-devel-linux-x86_64-fedora-clang 0.2.0 290.31 NOTE
r-devel-linux-x86_64-fedora-gcc 0.2.0 270.66 NOTE
r-devel-windows-ix86+x86_64 0.2.0 170.00 270.00 440.00 OK
r-patched-linux-x86_64 0.2.0 67.12 129.45 196.57 NOTE
r-patched-solaris-x86 0.2.0 1610.50 NOTE
r-release-linux-x86_64 0.2.0 68.63 130.32 198.95 NOTE
r-release-windows-ix86+x86_64 0.2.0 159.00 285.00 444.00 OK
r-release-osx-x86_64 0.2.0 FAIL
r-oldrel-windows-ix86+x86_64 0.2.0 140.00 168.00 308.00 OK
r-oldrel-osx-x86_64 0.2.0 OK

Check Details

Version: 0.2.0
Check: package dependencies
Result: NOTE
    Package suggested but not available for checking: 'OutbreakTools'
Flavors: r-devel-linux-x86_64-debian-clang, r-devel-linux-x86_64-debian-gcc, r-devel-linux-x86_64-fedora-clang, r-devel-linux-x86_64-fedora-gcc, r-patched-linux-x86_64, r-patched-solaris-x86, r-release-linux-x86_64, r-release-osx-x86_64

Version: 0.2.0
Check: re-building of vignette outputs
Result: WARN
    Error(s) in re-building vignettes:
     ...
    --- re-building ‘phybreak_intro.Rmd’ using rmarkdown
    Warning in engine$weave(file, quiet = quiet, encoding = enc) :
     Pandoc (>= 1.12.3) and/or pandoc-citeproc not available. Falling back to R Markdown v1.
    
    Execution halted
Flavor: r-release-osx-x86_64

Version: 0.2.0
Check: PDF version of manual
Result: FAIL
    
Flavor: r-release-osx-x86_64