CRAN Package Check Results for Package phybreak

Last updated on 2019-07-16 00:48:20 CEST.

Flavor Version Tinstall Tcheck Ttotal Status Flags
r-devel-linux-x86_64-debian-clang 0.2.0 77.42 130.19 207.61 NOTE
r-devel-linux-x86_64-debian-gcc 0.2.0 60.41 105.97 166.38 NOTE
r-devel-linux-x86_64-fedora-clang 0.2.0 284.87 NOTE
r-devel-linux-x86_64-fedora-gcc 0.2.0 269.79 NOTE
r-devel-windows-ix86+x86_64 0.2.0 214.00 204.00 418.00 OK
r-patched-linux-x86_64 0.2.0 72.08 131.09 203.17 NOTE
r-patched-solaris-x86 0.2.0 1628.00 NOTE
r-release-linux-x86_64 0.2.0 66.47 129.82 196.29 NOTE
r-release-windows-ix86+x86_64 0.2.0 154.00 293.00 447.00 OK
r-release-osx-x86_64 0.2.0 FAIL
r-oldrel-windows-ix86+x86_64 0.2.0 202.00 239.00 441.00 OK
r-oldrel-osx-x86_64 0.2.0 OK

Check Details

Version: 0.2.0
Check: package dependencies
Result: NOTE
    Package suggested but not available for checking: 'OutbreakTools'
Flavors: r-devel-linux-x86_64-debian-clang, r-devel-linux-x86_64-debian-gcc, r-devel-linux-x86_64-fedora-clang, r-devel-linux-x86_64-fedora-gcc, r-patched-linux-x86_64, r-patched-solaris-x86, r-release-linux-x86_64, r-release-osx-x86_64

Version: 0.2.0
Check: re-building of vignette outputs
Result: WARN
    Error(s) in re-building vignettes:
     ...
    --- re-building ‘phybreak_intro.Rmd’ using rmarkdown
    Warning in engine$weave(file, quiet = quiet, encoding = enc) :
     Pandoc (>= 1.12.3) and/or pandoc-citeproc not available. Falling back to R Markdown v1.
    
    Execution halted
Flavor: r-release-osx-x86_64

Version: 0.2.0
Check: PDF version of manual
Result: FAIL
    
Flavor: r-release-osx-x86_64