CRAN Package Check Results for Package pillar

Last updated on 2019-09-16 00:47:48 CEST.

Flavor Version Tinstall Tcheck Ttotal Status Flags
r-devel-linux-x86_64-debian-clang 1.4.2 4.58 33.20 37.78 OK
r-devel-linux-x86_64-debian-gcc 1.4.2 3.62 37.25 40.87 OK
r-devel-linux-x86_64-fedora-clang 1.4.2 62.65 OK
r-devel-linux-x86_64-fedora-gcc 1.4.2 61.78 OK
r-devel-windows-ix86+x86_64 1.4.2 10.00 49.00 59.00 OK
r-patched-linux-x86_64 1.4.2 4.41 48.27 52.68 OK
r-patched-solaris-x86 1.4.2 78.20 WARN
r-release-linux-x86_64 1.4.2 3.46 48.04 51.50 OK
r-release-windows-ix86+x86_64 1.4.2 8.00 76.00 84.00 OK
r-release-osx-x86_64 1.4.2 OK
r-oldrel-windows-ix86+x86_64 1.4.2 8.00 50.00 58.00 OK
r-oldrel-osx-x86_64 1.4.2 OK

Check Details

Version: 1.4.2
Check: for unstated dependencies in ‘tests’
Result: WARN
    Warning in deparse(e[[2L]]) :
     it is not known that wchar_t is Unicode on this platform
    Warning in deparse(e[[2L]]) :
     it is not known that wchar_t is Unicode on this platform
    Warning in deparse(e[[2L]]) :
     it is not known that wchar_t is Unicode on this platform
    Warning in deparse(e[[2L]]) :
     it is not known that wchar_t is Unicode on this platform
    Warning in deparse(e[[2L]]) :
     it is not known that wchar_t is Unicode on this platform
    Warning in deparse(e[[2L]]) :
     it is not known that wchar_t is Unicode on this platform
    Warning in deparse(e[[2L]]) :
     it is not known that wchar_t is Unicode on this platform
    Warning in deparse(e[[2L]]) :
     it is not known that wchar_t is Unicode on this platform
    Warning in deparse(e[[2L]]) :
     it is not known that wchar_t is Unicode on this platform
    Warning in deparse(e[[2L]]) :
     it is not known that wchar_t is Unicode on this platform
Flavor: r-patched-solaris-x86