CRAN Package Check Results for Package pillar

Last updated on 2020-01-22 00:49:04 CET.

Flavor Version Tinstall Tcheck Ttotal Status Flags
r-devel-linux-x86_64-debian-clang 1.4.3 4.59 37.28 41.87 OK
r-devel-linux-x86_64-debian-gcc 1.4.3 3.68 40.29 43.97 OK
r-devel-linux-x86_64-fedora-clang 1.4.3 66.11 OK
r-devel-linux-x86_64-fedora-gcc 1.4.3 65.16 OK
r-devel-windows-ix86+x86_64 1.4.3 13.00 76.00 89.00 OK
r-devel-windows-ix86+x86_64-gcc8 1.4.3 13.00 54.00 67.00 OK
r-patched-linux-x86_64 1.4.3 3.77 46.57 50.34 OK
r-patched-solaris-x86 1.4.3 78.20 WARN
r-release-linux-x86_64 1.4.3 3.94 46.11 50.05 OK
r-release-windows-ix86+x86_64 1.4.3 7.00 57.00 64.00 OK
r-release-osx-x86_64 1.4.3 OK
r-oldrel-windows-ix86+x86_64 1.4.3 6.00 49.00 55.00 OK
r-oldrel-osx-x86_64 1.4.3 OK

Check Details

Version: 1.4.3
Check: for unstated dependencies in ‘tests’
Result: WARN
    Warning in deparse(e[[2L]]) :
     it is not known that wchar_t is Unicode on this platform
    Warning in deparse(e[[2L]]) :
     it is not known that wchar_t is Unicode on this platform
    Warning in deparse(e[[2L]]) :
     it is not known that wchar_t is Unicode on this platform
    Warning in deparse(e[[2L]]) :
     it is not known that wchar_t is Unicode on this platform
    Warning in deparse(e[[2L]]) :
     it is not known that wchar_t is Unicode on this platform
    Warning in deparse(e[[2L]]) :
     it is not known that wchar_t is Unicode on this platform
    Warning in deparse(e[[2L]]) :
     it is not known that wchar_t is Unicode on this platform
    Warning in deparse(e[[2L]]) :
     it is not known that wchar_t is Unicode on this platform
    Warning in deparse(e[[2L]]) :
     it is not known that wchar_t is Unicode on this platform
    Warning in deparse(e[[2L]]) :
     it is not known that wchar_t is Unicode on this platform
Flavor: r-patched-solaris-x86