CRAN Package Check Results for Package pinochet

Last updated on 2019-08-26 00:47:31 CEST.

Flavor Version Tinstall Tcheck Ttotal Status Flags
r-devel-linux-x86_64-debian-clang 0.1.0 1.71 23.24 24.95 OK
r-devel-linux-x86_64-debian-gcc 0.1.0 1.58 18.77 20.35 OK
r-devel-linux-x86_64-fedora-clang 0.1.0 30.58 NOTE
r-devel-linux-x86_64-fedora-gcc 0.1.0 30.22 NOTE
r-devel-windows-ix86+x86_64 0.1.0 12.00 38.00 50.00 OK
r-patched-linux-x86_64 0.1.0 1.48 22.82 24.30 OK
r-patched-solaris-x86 0.1.0 48.60 NOTE
r-release-linux-x86_64 0.1.0 1.42 23.31 24.73 OK
r-release-windows-ix86+x86_64 0.1.0 8.00 60.00 68.00 OK
r-release-osx-x86_64 0.1.0 NOTE
r-oldrel-windows-ix86+x86_64 0.1.0 4.00 51.00 55.00 OK
r-oldrel-osx-x86_64 0.1.0 NOTE

Check Details

Version: 0.1.0
Check: data for non-ASCII characters
Result: NOTE
     Note: found 2048 marked UTF-8 strings
Flavors: r-devel-linux-x86_64-fedora-clang, r-devel-linux-x86_64-fedora-gcc, r-patched-solaris-x86, r-release-osx-x86_64, r-oldrel-osx-x86_64