CRAN Package Check Results for Package pinochet

Last updated on 2020-01-22 00:49:04 CET.

Flavor Version Tinstall Tcheck Ttotal Status Flags
r-devel-linux-x86_64-debian-clang 0.1.0 1.89 24.68 26.57 OK
r-devel-linux-x86_64-debian-gcc 0.1.0 1.55 19.72 21.27 OK
r-devel-linux-x86_64-fedora-clang 0.1.0 33.32 NOTE
r-devel-linux-x86_64-fedora-gcc 0.1.0 32.81 NOTE
r-devel-windows-ix86+x86_64 0.1.0 7.00 57.00 64.00 OK
r-devel-windows-ix86+x86_64-gcc8 0.1.0 9.00 38.00 47.00 OK
r-patched-linux-x86_64 0.1.0 1.51 22.56 24.07 OK
r-patched-solaris-x86 0.1.0 49.20 NOTE
r-release-linux-x86_64 0.1.0 1.40 22.57 23.97 OK
r-release-windows-ix86+x86_64 0.1.0 6.00 44.00 50.00 OK
r-release-osx-x86_64 0.1.0 NOTE
r-oldrel-windows-ix86+x86_64 0.1.0 3.00 35.00 38.00 OK
r-oldrel-osx-x86_64 0.1.0 NOTE

Check Details

Version: 0.1.0
Check: data for non-ASCII characters
Result: NOTE
     Note: found 2048 marked UTF-8 strings
Flavors: r-devel-linux-x86_64-fedora-clang, r-devel-linux-x86_64-fedora-gcc, r-patched-solaris-x86, r-release-osx-x86_64, r-oldrel-osx-x86_64