CRAN Package Check Results for Package pleiades

Last updated on 2020-07-11 00:48:57 CEST.

Flavor Version Tinstall Tcheck Ttotal Status Flags
r-devel-linux-x86_64-debian-clang 0.2.0 2.43 23.75 26.18 OK
r-devel-linux-x86_64-debian-gcc 0.2.0 1.89 19.06 20.95 OK
r-devel-linux-x86_64-fedora-clang 0.2.0 40.36 NOTE
r-devel-linux-x86_64-fedora-gcc 0.2.0 32.02 OK
r-devel-windows-ix86+x86_64 0.2.0 11.00 38.00 49.00 OK
r-patched-linux-x86_64 0.2.0 2.29 23.92 26.21 OK
r-patched-solaris-x86 0.2.0 47.90 OK
r-release-linux-x86_64 0.2.0 2.27 23.77 26.04 OK
r-release-osx-x86_64 0.2.0 OK
r-release-windows-ix86+x86_64 0.2.0 8.00 42.00 50.00 OK
r-oldrel-osx-x86_64 0.2.0 OK
r-oldrel-windows-ix86+x86_64 0.2.0 10.00 39.00 49.00 OK

Check Details

Version: 0.2.0
Check: Rd cross-references
Result: NOTE
    Undeclared package ‘curl’ in Rd xrefs
Flavor: r-devel-linux-x86_64-fedora-clang