CRAN Package Check Results for Package plotKML

Last updated on 2019-09-21 00:52:49 CEST.

Flavor Version Tinstall Tcheck Ttotal Status Flags
r-devel-linux-x86_64-debian-clang 0.5-9 25.46 208.95 234.41 ERROR
r-devel-linux-x86_64-debian-gcc 0.5-9 20.62 162.92 183.54 ERROR
r-devel-linux-x86_64-fedora-clang 0.5-9 292.96 NOTE
r-devel-linux-x86_64-fedora-gcc 0.5-9 309.56 NOTE
r-devel-windows-ix86+x86_64 0.5-9 67.00 317.00 384.00 OK
r-patched-linux-x86_64 0.5-9 26.21 202.40 228.61 ERROR
r-patched-solaris-x86 0.5-9 397.50 OK
r-release-linux-x86_64 0.5-9 23.06 205.49 228.55 ERROR
r-release-windows-ix86+x86_64 0.5-9 43.00 351.00 394.00 OK
r-release-osx-x86_64 0.5-9 OK
r-oldrel-windows-ix86+x86_64 0.5-9 32.00 210.00 242.00 OK
r-oldrel-osx-x86_64 0.5-9 OK

Check Details

Version: 0.5-9
Check: examples
Result: ERROR
    Running examples in 'plotKML-Ex.R' failed
    The error most likely occurred in:
    
    > base::assign(".ptime", proc.time(), pos = "CheckExEnv")
    > ### Name: check_projection
    > ### Title: Extracts the proj4 parameters and checks if the projection
    > ### matches the referent CRS
    > ### Aliases: check_projection parse_proj4 extractProjValue
    > ### Keywords: spatial
    >
    > ### ** Examples
    >
    > data(eberg)
    > library(sp)
    > library(rgdal)
    rgdal: version: 1.4-4, (SVN revision 833)
     Geospatial Data Abstraction Library extensions to R successfully loaded
     Loaded GDAL runtime: GDAL 2.4.2, released 2019/06/28
     Path to GDAL shared files: /usr/share/gdal
     GDAL binary built with GEOS: TRUE
     Loaded PROJ.4 runtime: Rel. 6.2.0, September 1st, 2019, [PJ_VERSION: 620]
     Path to PROJ.4 shared files: (autodetected)
     Linking to sp version: 1.3-1
    > coordinates(eberg) <- ~X+Y
    > proj4string(eberg) <- CRS("+init=epsg:31467")
    > check_projection(eberg)
    [1] FALSE
    > # not yet ready for export to KML;
    > parse_proj4(proj4string(eberg))
    Error in FUN(X[[i]], ...) :
     Proj4string does not contain \+datum= parameter.
     Consider converting to the referent CRS +proj=longlat +datum=WGS84 manually.
    Calls: parse_proj4 -> laply -> llply -> structure -> lapply -> FUN
    Execution halted
Flavors: r-devel-linux-x86_64-debian-clang, r-devel-linux-x86_64-debian-gcc, r-patched-linux-x86_64, r-release-linux-x86_64

Version: 0.5-9
Check: for non-standard things in the check directory
Result: NOTE
    Found the following files/directories:
     ‘ams.ny.kml’ ‘eberg.kml’ ‘eberg.kmz’ ‘eberg_CLYMHT_A.kml’
     ‘eberg_contours.kml’ ‘eberg_contours.kmz’ ‘eberg_zones.kml’
     ‘eberg_zones.kmz’ ‘kml_legend.png’
Flavors: r-devel-linux-x86_64-fedora-clang, r-devel-linux-x86_64-fedora-gcc