CRAN Package Check Results for Package pmml

Last updated on 2019-10-23 00:48:00 CEST.

Flavor Version Tinstall Tcheck Ttotal Status Flags
r-devel-linux-x86_64-debian-clang 2.1.0 11.96 278.66 290.62 OK
r-devel-linux-x86_64-debian-gcc 2.1.0 10.04 196.01 206.05 OK
r-devel-linux-x86_64-fedora-clang 2.1.0 328.10 OK
r-devel-linux-x86_64-fedora-gcc 2.1.0 309.83 OK
r-devel-windows-ix86+x86_64 2.1.0 21.00 338.00 359.00 OK
r-patched-linux-x86_64 2.1.0 10.37 259.38 269.75 OK
r-patched-solaris-x86 2.1.0 199.60 ERROR
r-release-linux-x86_64 2.1.0 10.36 258.04 268.40 OK
r-release-windows-ix86+x86_64 2.1.0 25.00 363.00 388.00 OK
r-release-osx-x86_64 2.1.0 OK
r-oldrel-windows-ix86+x86_64 2.1.0 21.00 349.00 370.00 OK
r-oldrel-osx-x86_64 2.1.0 OK

Check Details

Version: 2.1.0
Check: tests
Result: ERROR
     Running ‘testthat.R’ [46s/53s]
    Running the tests in ‘tests/testthat.R’ failed.
    Complete output:
     > library(testthat)
     > library(pmml, quietly = T)
     >
     > test_check("pmml")
     Error: segfault from C stack overflow
     Execution halted
Flavor: r-patched-solaris-x86