CRAN Package Check Results for Package pmml

Last updated on 2019-07-16 00:48:20 CEST.

Flavor Version Tinstall Tcheck Ttotal Status Flags
r-devel-linux-x86_64-debian-clang 2.0.0 10.66 272.39 283.05 OK
r-devel-linux-x86_64-debian-gcc 2.0.0 10.76 197.28 208.04 OK
r-devel-linux-x86_64-fedora-clang 2.0.0 310.92 OK
r-devel-linux-x86_64-fedora-gcc 2.0.0 311.76 OK
r-devel-windows-ix86+x86_64 2.0.0 22.00 272.00 294.00 OK
r-patched-linux-x86_64 2.0.0 13.77 254.51 268.28 OK
r-patched-solaris-x86 2.0.0 191.40 ERROR
r-release-linux-x86_64 2.0.0 11.88 252.94 264.82 OK
r-release-windows-ix86+x86_64 2.0.0 17.00 267.00 284.00 OK
r-release-osx-x86_64 2.0.0 OK
r-oldrel-windows-ix86+x86_64 2.0.0 21.00 260.00 281.00 OK
r-oldrel-osx-x86_64 2.0.0 OK

Check Details

Version: 2.0.0
Check: package dependencies
Result: NOTE
    Package suggested but not available for checking: ‘xgboost’
Flavor: r-patched-solaris-x86

Version: 2.0.0
Check: tests
Result: ERROR
     Running ‘testthat.R’ [37s/55s]
    Running the tests in ‘tests/testthat.R’ failed.
    Complete output:
     > library(testthat)
     > library(pmml, quietly = T)
     >
     > test_check("pmml")
     ── 1. Error: (unknown) (@test_pmml.miningschema.R#3) ──────────────────────────
     there is no package called 'xgboost'
     1: library(xgboost) at testthat/test_pmml.miningschema.R:3
    
     ── 2. Error: (unknown) (@test_pmml.xgb.Booster.R#5) ───────────────────────────
     there is no package called 'xgboost'
     1: library(xgboost) at testthat/test_pmml.xgb.Booster.R:5
    
     ── 3. Error: (unknown) (@test_schema_validation.R#11) ─────────────────────────
     there is no package called 'xgboost'
     1: library(xgboost) at testthat/test_schema_validation.R:11
    
     ══ testthat results ═══════════════════════════════════════════════════════════
     OK: 122 SKIPPED: 1 WARNINGS: 0 FAILED: 3
     1. Error: (unknown) (@test_pmml.miningschema.R#3)
     2. Error: (unknown) (@test_pmml.xgb.Booster.R#5)
     3. Error: (unknown) (@test_schema_validation.R#11)
    
     Error: testthat unit tests failed
     Execution halted
Flavor: r-patched-solaris-x86