CRAN Package Check Results for Package pmultinom

Last updated on 2019-08-24 00:52:35 CEST.

Flavor Version Tinstall Tcheck Ttotal Status Flags
r-devel-linux-x86_64-debian-clang 1.0.0 2.06 61.61 63.67 OK
r-devel-linux-x86_64-debian-gcc 1.0.0 1.70 46.70 48.40 OK
r-devel-linux-x86_64-fedora-clang 1.0.0 70.90 OK
r-devel-linux-x86_64-fedora-gcc 1.0.0 73.33 OK
r-devel-windows-ix86+x86_64 1.0.0 5.00 106.00 111.00 OK
r-patched-linux-x86_64 1.0.0 1.58 60.90 62.48 OK
r-patched-solaris-x86 1.0.0 108.30 ERROR
r-release-linux-x86_64 1.0.0 1.79 60.43 62.22 OK
r-release-windows-ix86+x86_64 1.0.0 7.00 105.00 112.00 OK
r-release-osx-x86_64 1.0.0 OK
r-oldrel-windows-ix86+x86_64 1.0.0 3.00 107.00 110.00 OK
r-oldrel-osx-x86_64 1.0.0 OK

Check Details

Version: 1.0.0
Check: tests
Result: ERROR
     Running ‘testthat.R’ [47s/53s]
    Running the tests in ‘tests/testthat.R’ failed.
    Complete output:
     > library(testthat)
     > library(pmultinom)
     >
     > test_check("pmultinom")
     ── 1. Failure: Correct behavior when target probability is 0 or 1 (@test_invertp
     invert.pmultinom(...) not equal to 0.
     1/1 mismatches
     [1] 3 - 0 == 3
    
     ══ testthat results ═══════════════════════════════════════════════════════════
     [ OK: 1561 | SKIPPED: 0 | WARNINGS: 0 | FAILED: 1 ]
     1. Failure: Correct behavior when target probability is 0 or 1 (@test_invertpmultinom.R#37)
    
     Error: testthat unit tests failed
     Execution halted
Flavor: r-patched-solaris-x86