CRAN Package Check Results for Package pmultinom

Last updated on 2019-06-25 00:52:27 CEST.

Flavor Version Tinstall Tcheck Ttotal Status Flags
r-devel-linux-x86_64-debian-clang 1.0.0 1.84 60.46 62.30 OK
r-devel-linux-x86_64-debian-gcc 1.0.0 1.51 46.85 48.36 OK
r-devel-linux-x86_64-fedora-clang 1.0.0 72.96 OK
r-devel-linux-x86_64-fedora-gcc 1.0.0 70.59 OK
r-devel-windows-ix86+x86_64 1.0.0 9.00 76.00 85.00 OK
r-patched-linux-x86_64 1.0.0 1.78 60.81 62.59 OK
r-patched-solaris-x86 1.0.0 109.40 ERROR
r-release-linux-x86_64 1.0.0 1.81 60.00 61.81 OK
r-release-windows-ix86+x86_64 1.0.0 4.00 99.00 103.00 OK
r-release-osx-x86_64 1.0.0 OK
r-oldrel-windows-ix86+x86_64 1.0.0 2.00 89.00 91.00 OK
r-oldrel-osx-x86_64 1.0.0 OK

Check Details

Version: 1.0.0
Check: tests
Result: ERROR
     Running ‘testthat.R’ [49s/56s]
    Running the tests in ‘tests/testthat.R’ failed.
    Complete output:
     > library(testthat)
     > library(pmultinom)
     >
     > test_check("pmultinom")
     ── 1. Failure: Correct behavior when target probability is 0 or 1 (@test_invertp
     invert.pmultinom(...) not equal to 0.
     1/1 mismatches
     [1] 3 - 0 == 3
    
     ══ testthat results ═══════════════════════════════════════════════════════════
     OK: 1561 SKIPPED: 0 WARNINGS: 0 FAILED: 1
     1. Failure: Correct behavior when target probability is 0 or 1 (@test_invertpmultinom.R#37)
    
     Error: testthat unit tests failed
     Execution halted
Flavor: r-patched-solaris-x86