CRAN Package Check Results for Package pmultinom

Last updated on 2019-12-16 00:49:05 CET.

Flavor Version Tinstall Tcheck Ttotal Status Flags
r-devel-linux-x86_64-debian-clang 1.0.0 1.95 67.83 69.78 OK
r-devel-linux-x86_64-debian-gcc 1.0.0 1.55 51.99 53.54 OK
r-devel-linux-x86_64-fedora-clang 1.0.0 82.25 OK
r-devel-linux-x86_64-fedora-gcc 1.0.0 79.13 OK
r-devel-windows-ix86+x86_64 1.0.0 5.00 105.00 110.00 OK
r-devel-windows-ix86+x86_64-gcc8 1.0.0 6.00 113.00 119.00 OK
r-patched-linux-x86_64 1.0.0 1.58 60.38 61.96 OK
r-patched-solaris-x86 1.0.0 106.10 ERROR
r-release-linux-x86_64 1.0.0 1.71 60.91 62.62 OK
r-release-windows-ix86+x86_64 1.0.0 5.00 75.00 80.00 OK
r-release-osx-x86_64 1.0.0 OK
r-oldrel-windows-ix86+x86_64 1.0.0 2.00 82.00 84.00 OK
r-oldrel-osx-x86_64 1.0.0 OK

Check Details

Version: 1.0.0
Check: tests
Result: ERROR
     Running ‘testthat.R’ [48s/56s]
    Running the tests in ‘tests/testthat.R’ failed.
    Complete output:
     > library(testthat)
     > library(pmultinom)
     >
     > test_check("pmultinom")
     ── 1. Failure: Correct behavior when target probability is 0 or 1 (@test_invertp
     invert.pmultinom(...) not equal to 0.
     1/1 mismatches
     [1] 3 - 0 == 3
    
     ══ testthat results ═══════════════════════════════════════════════════════════
     [ OK: 1561 | SKIPPED: 0 | WARNINGS: 0 | FAILED: 1 ]
     1. Failure: Correct behavior when target probability is 0 or 1 (@test_invertpmultinom.R#37)
    
     Error: testthat unit tests failed
     Execution halted
Flavor: r-patched-solaris-x86