CRAN Package Check Results for Package pmultinom

Last updated on 2020-07-11 00:48:57 CEST.

Flavor Version Tinstall Tcheck Ttotal Status Flags
r-devel-linux-x86_64-debian-clang 1.0.0 2.18 67.60 69.78 OK
r-devel-linux-x86_64-debian-gcc 1.0.0 1.66 50.65 52.31 OK
r-devel-linux-x86_64-fedora-clang 1.0.0 88.93 OK
r-devel-linux-x86_64-fedora-gcc 1.0.0 81.49 OK
r-devel-windows-ix86+x86_64 1.0.0 6.00 83.00 89.00 OK
r-patched-linux-x86_64 1.0.0 2.12 66.97 69.09 OK
r-patched-solaris-x86 1.0.0 112.10 ERROR
r-release-linux-x86_64 1.0.0 2.01 67.08 69.09 OK
r-release-osx-x86_64 1.0.0 OK
r-release-windows-ix86+x86_64 1.0.0 6.00 109.00 115.00 OK
r-oldrel-osx-x86_64 1.0.0 OK
r-oldrel-windows-ix86+x86_64 1.0.0 5.00 83.00 88.00 OK

Check Details

Version: 1.0.0
Check: tests
Result: ERROR
     Running ‘testthat.R’ [53s/63s]
    Running the tests in ‘tests/testthat.R’ failed.
    Complete output:
     > library(testthat)
     > library(pmultinom)
     >
     > test_check("pmultinom")
     ── 1. Failure: Correct behavior when target probability is 0 or 1 (@test_invertp
     invert.pmultinom(...) not equal to 0.
     1/1 mismatches
     [1] 6 - 0 == 6
    
     ══ testthat results ═══════════════════════════════════════════════════════════
     [ OK: 1561 | SKIPPED: 0 | WARNINGS: 0 | FAILED: 1 ]
     1. Failure: Correct behavior when target probability is 0 or 1 (@test_invertpmultinom.R#37)
    
     Error: testthat unit tests failed
     Execution halted
Flavor: r-patched-solaris-x86