CRAN Package Check Results for Package poibin

Last updated on 2019-08-26 00:47:32 CEST.

Flavor Version Tinstall Tcheck Ttotal Status Flags
r-devel-linux-x86_64-debian-clang 1.3 2.97 16.97 19.94 OK
r-devel-linux-x86_64-debian-gcc 1.3 2.22 13.94 16.16 WARN
r-devel-linux-x86_64-fedora-clang 1.3 24.07 OK
r-devel-linux-x86_64-fedora-gcc 1.3 23.62 WARN
r-devel-windows-ix86+x86_64 1.3 17.00 31.00 48.00 OK
r-patched-linux-x86_64 1.3 2.50 16.81 19.31 OK
r-patched-solaris-x86 1.3 42.50 OK
r-release-linux-x86_64 1.3 2.53 16.73 19.26 OK
r-release-windows-ix86+x86_64 1.3 8.00 52.00 60.00 OK
r-release-osx-x86_64 1.3 OK
r-oldrel-windows-ix86+x86_64 1.3 7.00 30.00 37.00 OK
r-oldrel-osx-x86_64 1.3 OK

Check Details

Version: 1.3
Check: whether package can be installed
Result: WARN
    Found the following significant warnings:
     dftcf.c:31:9: warning: array subscript -1 is outside array bounds of ‘int[15]’ [-Warray-bounds]
Flavors: r-devel-linux-x86_64-debian-gcc, r-devel-linux-x86_64-fedora-gcc