CRAN Package Check Results for Package primes

Last updated on 2019-10-23 00:48:00 CEST.

Flavor Version Tinstall Tcheck Ttotal Status Flags
r-devel-linux-x86_64-debian-clang 0.1.0 15.69 21.58 37.27 OK
r-devel-linux-x86_64-debian-gcc 0.1.0 10.17 17.73 27.90 OK
r-devel-linux-x86_64-fedora-clang 0.1.0 51.55 NOTE
r-devel-linux-x86_64-fedora-gcc 0.1.0 47.63 NOTE
r-devel-windows-ix86+x86_64 0.1.0 42.00 73.00 115.00 OK
r-patched-linux-x86_64 0.1.0 10.63 21.53 32.16 OK
r-patched-solaris-x86 0.1.0 59.00 OK
r-release-linux-x86_64 0.1.0 11.21 21.54 32.75 OK
r-release-windows-ix86+x86_64 0.1.0 37.00 48.00 85.00 OK
r-release-osx-x86_64 0.1.0 OK
r-oldrel-windows-ix86+x86_64 0.1.0 38.00 64.00 102.00 OK
r-oldrel-osx-x86_64 0.1.0 OK

Check Details

Version: 0.1.0
Check: compiled code
Result: NOTE
    File ‘primes/libs/primes.so’:
     Found no calls to: ‘R_registerRoutines’, ‘R_useDynamicSymbols’
    
    It is good practice to register native routines and to disable symbol
    search.
    
    See ‘Writing portable packages’ in the ‘Writing R Extensions’ manual.
Flavors: r-devel-linux-x86_64-fedora-clang, r-devel-linux-x86_64-fedora-gcc