CRAN Package Check Results for Package primes

Last updated on 2019-07-16 00:48:21 CEST.

Flavor Version Tinstall Tcheck Ttotal Status Flags
r-devel-linux-x86_64-debian-clang 0.1.0 13.23 22.26 35.49 OK
r-devel-linux-x86_64-debian-gcc 0.1.0 10.33 18.27 28.60 OK
r-devel-linux-x86_64-fedora-clang 0.1.0 53.06 NOTE
r-devel-linux-x86_64-fedora-gcc 0.1.0 46.09 NOTE
r-devel-windows-ix86+x86_64 0.1.0 38.00 50.00 88.00 OK
r-patched-linux-x86_64 0.1.0 11.99 22.08 34.07 OK
r-patched-solaris-x86 0.1.0 61.20 OK
r-release-linux-x86_64 0.1.0 12.01 21.89 33.90 OK
r-release-windows-ix86+x86_64 0.1.0 29.00 68.00 97.00 OK
r-release-osx-x86_64 0.1.0 OK
r-oldrel-windows-ix86+x86_64 0.1.0 38.00 47.00 85.00 OK
r-oldrel-osx-x86_64 0.1.0 OK

Check Details

Version: 0.1.0
Check: compiled code
Result: NOTE
    File ‘primes/libs/primes.so’:
     Found no calls to: ‘R_registerRoutines’, ‘R_useDynamicSymbols’
    
    It is good practice to register native routines and to disable symbol
    search.
    
    See ‘Writing portable packages’ in the ‘Writing R Extensions’ manual.
Flavors: r-devel-linux-x86_64-fedora-clang, r-devel-linux-x86_64-fedora-gcc