CRAN Package Check Results for Package prognosticROC

Last updated on 2019-07-16 00:48:21 CEST.

Flavor Version Tinstall Tcheck Ttotal Status Flags
r-devel-linux-x86_64-debian-clang 0.7 5.76 44.48 50.24 NOTE
r-devel-linux-x86_64-debian-gcc 0.7 5.10 36.17 41.27 NOTE
r-devel-linux-x86_64-fedora-clang 0.7 62.91 NOTE
r-devel-linux-x86_64-fedora-gcc 0.7 58.70 NOTE
r-devel-windows-ix86+x86_64 0.7 17.00 54.00 71.00 NOTE
r-patched-linux-x86_64 0.7 6.24 44.03 50.27 NOTE
r-patched-solaris-x86 0.7 107.10 NOTE
r-release-linux-x86_64 0.7 6.00 43.71 49.71 NOTE
r-release-windows-ix86+x86_64 0.7 12.00 70.00 82.00 NOTE
r-release-osx-x86_64 0.7 NOTE
r-oldrel-windows-ix86+x86_64 0.7 9.00 54.00 63.00 NOTE
r-oldrel-osx-x86_64 0.7 NOTE

Check Details

Version: 0.7
Check: dependencies in R code
Result: NOTE
    Packages in Depends field not imported from:
     'splines' 'survival'
     These packages need to be imported from (in the NAMESPACE file)
     for when this namespace is loaded but not attached.
Flavors: r-devel-linux-x86_64-debian-clang, r-devel-linux-x86_64-debian-gcc, r-devel-linux-x86_64-fedora-clang, r-devel-linux-x86_64-fedora-gcc, r-devel-windows-ix86+x86_64, r-patched-linux-x86_64, r-patched-solaris-x86, r-release-linux-x86_64, r-release-windows-ix86+x86_64, r-release-osx-x86_64, r-oldrel-windows-ix86+x86_64, r-oldrel-osx-x86_64

Version: 0.7
Check: R code for possible problems
Result: NOTE
    IndividualPROC: no visible global function definition for 'survfit'
    IndividualPROC: no visible global function definition for 'quantile'
    Undefined global functions or variables:
     quantile survfit
    Consider adding
     importFrom("stats", "quantile")
    to your NAMESPACE file.
Flavors: r-devel-linux-x86_64-debian-clang, r-devel-linux-x86_64-debian-gcc, r-devel-linux-x86_64-fedora-clang, r-devel-linux-x86_64-fedora-gcc, r-devel-windows-ix86+x86_64, r-patched-linux-x86_64, r-patched-solaris-x86, r-release-linux-x86_64, r-release-windows-ix86+x86_64, r-release-osx-x86_64, r-oldrel-windows-ix86+x86_64, r-oldrel-osx-x86_64