CRAN Package Check Results for Package prognosticROC

Last updated on 2019-10-22 00:52:31 CEST.

Flavor Version Tinstall Tcheck Ttotal Status Flags
r-devel-linux-x86_64-debian-clang 0.7 6.91 44.41 51.32 NOTE
r-devel-linux-x86_64-debian-gcc 0.7 5.30 35.64 40.94 NOTE
r-devel-linux-x86_64-fedora-clang 0.7 61.84 NOTE
r-devel-linux-x86_64-fedora-gcc 0.7 60.69 NOTE
r-devel-windows-ix86+x86_64 0.7 12.00 72.00 84.00 NOTE
r-patched-linux-x86_64 0.7 6.51 44.03 50.54 NOTE
r-patched-solaris-x86 0.7 94.40 NOTE
r-release-linux-x86_64 0.7 5.84 43.61 49.45 NOTE
r-release-windows-ix86+x86_64 0.7 15.00 80.00 95.00 NOTE
r-release-osx-x86_64 0.7 NOTE
r-oldrel-windows-ix86+x86_64 0.7 6.00 54.00 60.00 NOTE
r-oldrel-osx-x86_64 0.7 NOTE

Check Details

Version: 0.7
Check: dependencies in R code
Result: NOTE
    Packages in Depends field not imported from:
     'splines' 'survival'
     These packages need to be imported from (in the NAMESPACE file)
     for when this namespace is loaded but not attached.
Flavors: r-devel-linux-x86_64-debian-clang, r-devel-linux-x86_64-debian-gcc, r-devel-linux-x86_64-fedora-clang, r-devel-linux-x86_64-fedora-gcc, r-devel-windows-ix86+x86_64, r-patched-linux-x86_64, r-patched-solaris-x86, r-release-linux-x86_64, r-release-windows-ix86+x86_64, r-release-osx-x86_64, r-oldrel-windows-ix86+x86_64, r-oldrel-osx-x86_64

Version: 0.7
Check: R code for possible problems
Result: NOTE
    IndividualPROC: no visible global function definition for 'survfit'
    IndividualPROC: no visible global function definition for 'quantile'
    Undefined global functions or variables:
     quantile survfit
    Consider adding
     importFrom("stats", "quantile")
    to your NAMESPACE file.
Flavors: r-devel-linux-x86_64-debian-clang, r-devel-linux-x86_64-debian-gcc, r-devel-linux-x86_64-fedora-clang, r-devel-linux-x86_64-fedora-gcc, r-devel-windows-ix86+x86_64, r-patched-linux-x86_64, r-patched-solaris-x86, r-release-linux-x86_64, r-release-windows-ix86+x86_64, r-release-osx-x86_64, r-oldrel-windows-ix86+x86_64, r-oldrel-osx-x86_64