CRAN Package Check Results for Package qmethod

Last updated on 2019-07-16 00:48:21 CEST.

Flavor Version Tinstall Tcheck Ttotal Status Flags
r-devel-linux-x86_64-debian-clang 1.5.4 5.51 45.66 51.17 NOTE
r-devel-linux-x86_64-debian-gcc 1.5.4 3.98 35.89 39.87 NOTE
r-devel-linux-x86_64-fedora-clang 1.5.4 60.29 NOTE
r-devel-linux-x86_64-fedora-gcc 1.5.4 58.57 NOTE
r-devel-windows-ix86+x86_64 1.5.4 13.00 56.00 69.00 OK
r-patched-linux-x86_64 1.5.4 4.62 45.67 50.29 OK
r-patched-solaris-x86 1.5.4 87.40 OK
r-release-linux-x86_64 1.5.4 5.38 45.60 50.98 OK
r-release-windows-ix86+x86_64 1.5.4 8.00 103.00 111.00 OK
r-release-osx-x86_64 1.5.4 OK
r-oldrel-windows-ix86+x86_64 1.5.4 10.00 83.00 93.00 OK
r-oldrel-osx-x86_64 1.5.4 OK

Check Details

Version: 1.5.4
Check: for non-standard things in the check directory
Result: NOTE
    Found the following files/directories:
     'QCards.tex' 'mystudy.dat' 'mystudy.sta'
Flavors: r-devel-linux-x86_64-debian-clang, r-devel-linux-x86_64-debian-gcc, r-devel-linux-x86_64-fedora-clang, r-devel-linux-x86_64-fedora-gcc