CRAN Package Check Results for Package qmethod

Last updated on 2019-11-12 00:52:52 CET.

Flavor Version Tinstall Tcheck Ttotal Status Flags
r-devel-linux-x86_64-debian-clang 1.5.4 5.91 46.18 52.09 NOTE
r-devel-linux-x86_64-debian-gcc 1.5.4 3.36 35.97 39.33 NOTE
r-devel-linux-x86_64-fedora-clang 1.5.4 61.51 NOTE
r-devel-linux-x86_64-fedora-gcc 1.5.4 65.92 NOTE
r-devel-windows-ix86+x86_64 1.5.4 9.00 62.00 71.00 OK
r-patched-linux-x86_64 1.5.4 5.28 45.59 50.87 OK
r-patched-solaris-x86 1.5.4 81.80 OK
r-release-linux-x86_64 1.5.4 5.31 45.56 50.87 OK
r-release-windows-ix86+x86_64 1.5.4 12.00 60.00 72.00 OK
r-release-osx-x86_64 1.5.4 OK
r-oldrel-windows-ix86+x86_64 1.5.4 9.00 62.00 71.00 OK
r-oldrel-osx-x86_64 1.5.4 OK

Check Details

Version: 1.5.4
Check: for non-standard things in the check directory
Result: NOTE
    Found the following files/directories:
     'QCards.tex' 'mystudy.dat' 'mystudy.sta'
Flavors: r-devel-linux-x86_64-debian-clang, r-devel-linux-x86_64-debian-gcc, r-devel-linux-x86_64-fedora-clang, r-devel-linux-x86_64-fedora-gcc