CRAN Package Check Results for Package qpdf

Last updated on 2020-01-22 00:49:09 CET.

Flavor Version Tinstall Tcheck Ttotal Status Flags
r-devel-linux-x86_64-debian-clang 1.1 131.07 26.73 157.80 OK
r-devel-linux-x86_64-debian-gcc 1.1 103.45 20.54 123.99 OK
r-devel-linux-x86_64-fedora-clang 1.1 272.21 NOTE
r-devel-linux-x86_64-fedora-gcc 1.1 225.98 OK
r-devel-windows-ix86+x86_64 1.1 384.00 75.00 459.00 OK
r-devel-windows-ix86+x86_64-gcc8 1.1 354.00 89.00 443.00 OK
r-patched-linux-x86_64 1.1 107.13 23.77 130.90 OK
r-patched-solaris-x86 1.1 191.40 OK
r-release-linux-x86_64 1.1 107.97 23.82 131.79 OK
r-release-windows-ix86+x86_64 1.1 344.00 112.00 456.00 OK
r-release-osx-x86_64 1.1 NOTE
r-oldrel-windows-ix86+x86_64 1.1 240.00 71.00 311.00 OK
r-oldrel-osx-x86_64 1.1 NOTE

Check Details

Version: 1.1
Check: installed package size
Result: NOTE
     installed size is 14.4Mb
     sub-directories of 1Mb or more:
     libs 14.3Mb
Flavors: r-devel-linux-x86_64-fedora-clang, r-release-osx-x86_64, r-oldrel-osx-x86_64