CRAN Package Check Results for Package qpdf

Last updated on 2019-09-16 00:47:49 CEST.

Flavor Version Tinstall Tcheck Ttotal Status Flags
r-devel-linux-x86_64-debian-clang 1.1 116.96 23.70 140.66 OK
r-devel-linux-x86_64-debian-gcc 1.1 106.50 18.56 125.06 OK
r-devel-linux-x86_64-fedora-clang 1.1 269.48 NOTE
r-devel-linux-x86_64-fedora-gcc 1.1 225.04 OK
r-devel-windows-ix86+x86_64 1.1 352.00 62.00 414.00 OK
r-patched-linux-x86_64 1.1 112.32 23.40 135.72 OK
r-patched-solaris-x86 1.1 190.70 OK
r-release-linux-x86_64 1.1 109.28 23.46 132.74 OK
r-release-windows-ix86+x86_64 1.1 247.00 65.00 312.00 OK
r-release-osx-x86_64 1.1 NOTE
r-oldrel-windows-ix86+x86_64 1.1 347.00 61.00 408.00 OK
r-oldrel-osx-x86_64 1.1 NOTE

Check Details

Version: 1.1
Check: installed package size
Result: NOTE
     installed size is 14.4Mb
     sub-directories of 1Mb or more:
     libs 14.3Mb
Flavors: r-devel-linux-x86_64-fedora-clang, r-release-osx-x86_64, r-oldrel-osx-x86_64