CRAN Package Check Results for Package rAvis

Last updated on 2019-07-16 00:48:22 CEST.

Flavor Version Tinstall Tcheck Ttotal Status Flags
r-devel-linux-x86_64-debian-clang 0.1.4 10.20 83.27 93.47 NOTE
r-devel-linux-x86_64-debian-gcc 0.1.4 8.40 67.42 75.82 NOTE
r-devel-linux-x86_64-fedora-clang 0.1.4 116.24 NOTE
r-devel-linux-x86_64-fedora-gcc 0.1.4 114.06 NOTE
r-devel-windows-ix86+x86_64 0.1.4 35.00 152.00 187.00 NOTE
r-patched-linux-x86_64 0.1.4 11.85 83.52 95.37 NOTE
r-patched-solaris-x86 0.1.4 210.10 NOTE
r-release-linux-x86_64 0.1.4 10.10 83.17 93.27 NOTE
r-release-windows-ix86+x86_64 0.1.4 19.00 106.00 125.00 NOTE
r-release-osx-x86_64 0.1.4 NOTE
r-oldrel-windows-ix86+x86_64 0.1.4 20.00 104.00 124.00 NOTE
r-oldrel-osx-x86_64 0.1.4 NOTE

Check Details

Version: 0.1.4
Check: R code for possible problems
Result: NOTE
    .avisApiBusAvanzada: no visible global function definition for
     'read.csv'
    .avisRenderMapAdmin: no visible global function definition for 'points'
    .avisRenderMapAdmin: no visible global function definition for 'rect'
    .avisRenderMapPhysical: no visible global function definition for
     'points'
    avisMap: no visible global function definition for 'par'
    avisMap: no visible global function definition for 'layout'
    Undefined global functions or variables:
     layout par points read.csv rect
    Consider adding
     importFrom("graphics", "layout", "par", "points", "rect")
     importFrom("utils", "read.csv")
    to your NAMESPACE file.
Flavors: r-devel-linux-x86_64-debian-clang, r-devel-linux-x86_64-debian-gcc, r-devel-linux-x86_64-fedora-clang, r-devel-linux-x86_64-fedora-gcc, r-devel-windows-ix86+x86_64, r-patched-linux-x86_64, r-patched-solaris-x86, r-release-linux-x86_64, r-release-windows-ix86+x86_64, r-release-osx-x86_64, r-oldrel-windows-ix86+x86_64, r-oldrel-osx-x86_64