CRAN Package Check Results for Package rBeta2009

Last updated on 2020-07-11 00:48:59 CEST.

Flavor Version Tinstall Tcheck Ttotal Status Flags
r-devel-linux-x86_64-debian-clang 1.0 3.63 18.06 21.69 OK
r-devel-linux-x86_64-debian-gcc 1.0 2.69 14.70 17.39 OK
r-devel-linux-x86_64-fedora-clang 1.0 35.59 NOTE
r-devel-linux-x86_64-fedora-gcc 1.0 26.00 NOTE
r-devel-windows-ix86+x86_64 1.0 10.00 33.00 43.00 OK
r-patched-linux-x86_64 1.0 3.21 18.31 21.52 OK
r-patched-solaris-x86 1.0 41.60 OK
r-release-linux-x86_64 1.0 3.14 18.20 21.34 OK
r-release-osx-x86_64 1.0 OK
r-release-windows-ix86+x86_64 1.0 10.00 49.00 59.00 OK
r-oldrel-osx-x86_64 1.0 OK
r-oldrel-windows-ix86+x86_64 1.0 10.00 49.00 59.00 OK

Check Details

Version: 1.0
Check: Rd cross-references
Result: NOTE
    Undeclared packages ‘MCMCpack’, ‘gtools’ in Rd xrefs
Flavor: r-devel-linux-x86_64-fedora-clang

Version: 1.0
Check: compiled code
Result: NOTE
    File ‘rBeta2009/libs/rBeta2009.so’:
     Found no calls to: ‘R_registerRoutines’, ‘R_useDynamicSymbols’
    
    It is good practice to register native routines and to disable symbol
    search.
    
    See ‘Writing portable packages’ in the ‘Writing R Extensions’ manual.
Flavors: r-devel-linux-x86_64-fedora-clang, r-devel-linux-x86_64-fedora-gcc