CRAN Package Check Results for Package rBeta2009

Last updated on 2019-12-16 00:49:06 CET.

Flavor Version Tinstall Tcheck Ttotal Status Flags
r-devel-linux-x86_64-debian-clang 1.0 3.41 17.28 20.69 OK
r-devel-linux-x86_64-debian-gcc 1.0 2.61 14.22 16.83 OK
r-devel-linux-x86_64-fedora-clang 1.0 27.24 NOTE
r-devel-linux-x86_64-fedora-gcc 1.0 25.85 NOTE
r-devel-windows-ix86+x86_64 1.0 13.00 46.00 59.00 OK
r-devel-windows-ix86+x86_64-gcc8 1.0 11.00 47.00 58.00 OK
r-patched-linux-x86_64 1.0 2.67 16.38 19.05 OK
r-patched-solaris-x86 1.0 37.50 OK
r-release-linux-x86_64 1.0 2.50 16.53 19.03 OK
r-release-windows-ix86+x86_64 1.0 10.00 49.00 59.00 OK
r-release-osx-x86_64 1.0 OK
r-oldrel-windows-ix86+x86_64 1.0 8.00 31.00 39.00 OK
r-oldrel-osx-x86_64 1.0 OK

Check Details

Version: 1.0
Check: compiled code
Result: NOTE
    File ‘rBeta2009/libs/rBeta2009.so’:
     Found no calls to: ‘R_registerRoutines’, ‘R_useDynamicSymbols’
    
    It is good practice to register native routines and to disable symbol
    search.
    
    See ‘Writing portable packages’ in the ‘Writing R Extensions’ manual.
Flavors: r-devel-linux-x86_64-fedora-clang, r-devel-linux-x86_64-fedora-gcc