CRAN Package Check Results for Package rCBA

Last updated on 2019-08-26 00:47:33 CEST.

Flavor Version Tinstall Tcheck Ttotal Status Flags
r-devel-linux-x86_64-debian-clang 0.4.3 8.74 88.27 97.01 OK
r-devel-linux-x86_64-debian-gcc 0.4.3 8.32 69.19 77.51 OK
r-devel-linux-x86_64-fedora-clang 0.4.3 122.34 OK
r-devel-linux-x86_64-fedora-gcc 0.4.3 120.81 OK
r-devel-windows-ix86+x86_64 0.4.3 17.00 5.00 22.00 ERROR
r-patched-linux-x86_64 0.4.3 11.82 86.03 97.85 OK
r-release-linux-x86_64 0.4.3 9.62 88.18 97.80 OK
r-release-windows-ix86+x86_64 0.4.3 25.00 124.00 149.00 OK
r-release-osx-x86_64 0.4.3 OK
r-oldrel-windows-ix86+x86_64 0.4.3 16.00 111.00 127.00 OK
r-oldrel-osx-x86_64 0.4.3 OK

Check Details

Version: 0.4.3
Check: whether package can be installed
Result: ERROR
    Installation failed.
Flavor: r-devel-windows-ix86+x86_64