CRAN Package Check Results for Package rCRM

Last updated on 2019-10-22 00:52:33 CEST.

Flavor Version Tinstall Tcheck Ttotal Status Flags
r-devel-linux-x86_64-debian-clang 0.1 31.32 22.16 53.48 NOTE
r-devel-linux-x86_64-debian-gcc 0.1 21.29 18.19 39.48 NOTE
r-devel-linux-x86_64-fedora-clang 0.1 68.12 NOTE
r-devel-linux-x86_64-fedora-gcc 0.1 66.13 NOTE
r-devel-windows-ix86+x86_64 0.1 45.00 77.00 122.00 NOTE
r-patched-linux-x86_64 0.1 25.28 22.05 47.33 NOTE
r-patched-solaris-x86 0.1 69.90 NOTE
r-release-linux-x86_64 0.1 23.83 22.06 45.89 NOTE
r-release-windows-ix86+x86_64 0.1 57.00 54.00 111.00 NOTE
r-release-osx-x86_64 0.1 NOTE
r-oldrel-windows-ix86+x86_64 0.1 40.00 51.00 91.00 OK
r-oldrel-osx-x86_64 0.1 OK

Check Details

Version: 0.1
Check: line endings in C/C++/Fortran sources/headers
Result: NOTE
    Found the following sources/headers with CR or CRLF line endings:
     inst/include/rCRM.h
     inst/include/rCRM_RcppExports.h
    Some Unix compilers require LF line endings.
Flavors: r-devel-linux-x86_64-debian-clang, r-devel-linux-x86_64-debian-gcc, r-devel-linux-x86_64-fedora-clang, r-devel-linux-x86_64-fedora-gcc, r-devel-windows-ix86+x86_64, r-patched-linux-x86_64, r-patched-solaris-x86, r-release-linux-x86_64, r-release-windows-ix86+x86_64, r-release-osx-x86_64