CRAN Package Check Results for Package rCRM

Last updated on 2019-07-16 00:48:22 CEST.

Flavor Version Tinstall Tcheck Ttotal Status Flags
r-devel-linux-x86_64-debian-clang 0.1 23.13 22.54 45.67 NOTE
r-devel-linux-x86_64-debian-gcc 0.1 19.17 18.68 37.85 NOTE
r-devel-linux-x86_64-fedora-clang 0.1 68.16 NOTE
r-devel-linux-x86_64-fedora-gcc 0.1 64.56 NOTE
r-devel-windows-ix86+x86_64 0.1 64.00 50.00 114.00 NOTE
r-patched-linux-x86_64 0.1 26.45 22.70 49.15 NOTE
r-patched-solaris-x86 0.1 73.60 NOTE
r-release-linux-x86_64 0.1 23.45 22.66 46.11 NOTE
r-release-windows-ix86+x86_64 0.1 44.00 68.00 112.00 NOTE
r-release-osx-x86_64 0.1 NOTE
r-oldrel-windows-ix86+x86_64 0.1 58.00 69.00 127.00 OK
r-oldrel-osx-x86_64 0.1 OK

Check Details

Version: 0.1
Check: line endings in C/C++/Fortran sources/headers
Result: NOTE
    Found the following sources/headers with CR or CRLF line endings:
     inst/include/rCRM.h
     inst/include/rCRM_RcppExports.h
    Some Unix compilers require LF line endings.
Flavors: r-devel-linux-x86_64-debian-clang, r-devel-linux-x86_64-debian-gcc, r-devel-linux-x86_64-fedora-clang, r-devel-linux-x86_64-fedora-gcc, r-devel-windows-ix86+x86_64, r-patched-linux-x86_64, r-patched-solaris-x86, r-release-linux-x86_64, r-release-windows-ix86+x86_64, r-release-osx-x86_64