CRAN Package Check Results for Package rEMM

Last updated on 2019-10-15 00:50:05 CEST.

Flavor Version Tinstall Tcheck Ttotal Status Flags
r-devel-linux-x86_64-debian-clang 1.0-11 5.38 79.57 84.95 OK
r-devel-linux-x86_64-debian-gcc 1.0-11 4.65 63.53 68.18 OK
r-devel-linux-x86_64-fedora-clang 1.0-11 108.58 NOTE
r-devel-linux-x86_64-fedora-gcc 1.0-11 106.94 NOTE
r-devel-windows-ix86+x86_64 1.0-11 13.00 149.00 162.00 OK
r-patched-linux-x86_64 1.0-11 5.06 78.36 83.42 OK
r-patched-solaris-x86 1.0-11 116.40 OK
r-release-linux-x86_64 1.0-11 6.27 78.90 85.17 OK
r-release-windows-ix86+x86_64 1.0-11 20.00 106.00 126.00 OK
r-release-osx-x86_64 1.0-11 NOTE
r-oldrel-windows-ix86+x86_64 1.0-11 9.00 93.00 102.00 OK
r-oldrel-osx-x86_64 1.0-11 OK

Check Details

Version: 1.0-11
Check: compiled code
Result: NOTE
    File ‘rEMM/libs/rEMM.so’:
     Found no calls to: ‘R_registerRoutines’, ‘R_useDynamicSymbols’
    
    It is good practice to register native routines and to disable symbol
    search.
    
    See ‘Writing portable packages’ in the ‘Writing R Extensions’ manual.
Flavors: r-devel-linux-x86_64-fedora-clang, r-devel-linux-x86_64-fedora-gcc

Version: 1.0-11
Check: package dependencies
Result: NOTE
    Packages suggested but not available for checking: 'graph', 'Rgraphviz'
Flavor: r-release-osx-x86_64