CRAN Package Check Results for Package rIsing

Last updated on 2019-07-16 00:48:23 CEST.

Flavor Version Tinstall Tcheck Ttotal Status Flags
r-devel-linux-x86_64-debian-clang 0.1.0 30.24 26.05 56.29 OK
r-devel-linux-x86_64-debian-gcc 0.1.0 26.51 21.19 47.70 OK
r-devel-linux-x86_64-fedora-clang 0.1.0 79.29 NOTE
r-devel-linux-x86_64-fedora-gcc 0.1.0 78.17 NOTE
r-devel-windows-ix86+x86_64 0.1.0 76.00 57.00 133.00 OK
r-patched-linux-x86_64 0.1.0 31.01 25.91 56.92 OK
r-patched-solaris-x86 0.1.0 85.80 OK
r-release-linux-x86_64 0.1.0 32.31 25.66 57.97 OK
r-release-windows-ix86+x86_64 0.1.0 54.00 66.00 120.00 OK
r-release-osx-x86_64 0.1.0 NOTE
r-oldrel-windows-ix86+x86_64 0.1.0 69.00 57.00 126.00 OK
r-oldrel-osx-x86_64 0.1.0 NOTE

Check Details

Version: 0.1.0
Check: installed package size
Result: NOTE
     installed size is 11.5Mb
     sub-directories of 1Mb or more:
     libs 11.4Mb
Flavors: r-devel-linux-x86_64-fedora-clang, r-release-osx-x86_64, r-oldrel-osx-x86_64

Version: 0.1.0
Check: compiled code
Result: NOTE
    File ‘rIsing/libs/rIsing.so’:
     Found no calls to: ‘R_registerRoutines’, ‘R_useDynamicSymbols’
    
    It is good practice to register native routines and to disable symbol
    search.
    
    See ‘Writing portable packages’ in the ‘Writing R Extensions’ manual.
Flavors: r-devel-linux-x86_64-fedora-clang, r-devel-linux-x86_64-fedora-gcc