CRAN Package Check Results for Package rIsing

Last updated on 2019-10-23 00:48:02 CEST.

Flavor Version Tinstall Tcheck Ttotal Status Flags
r-devel-linux-x86_64-debian-clang 0.1.0 30.71 25.57 56.28 OK
r-devel-linux-x86_64-debian-gcc 0.1.0 27.05 20.78 47.83 OK
r-devel-linux-x86_64-fedora-clang 0.1.0 80.50 NOTE
r-devel-linux-x86_64-fedora-gcc 0.1.0 79.39 NOTE
r-devel-windows-ix86+x86_64 0.1.0 57.00 77.00 134.00 OK
r-patched-linux-x86_64 0.1.0 29.09 25.70 54.79 OK
r-patched-solaris-x86 0.1.0 81.90 OK
r-release-linux-x86_64 0.1.0 32.23 25.34 57.57 OK
r-release-windows-ix86+x86_64 0.1.0 70.00 58.00 128.00 OK
r-release-osx-x86_64 0.1.0 NOTE
r-oldrel-windows-ix86+x86_64 0.1.0 67.00 67.00 134.00 OK
r-oldrel-osx-x86_64 0.1.0 NOTE

Check Details

Version: 0.1.0
Check: installed package size
Result: NOTE
     installed size is 11.6Mb
     sub-directories of 1Mb or more:
     libs 11.5Mb
Flavors: r-devel-linux-x86_64-fedora-clang, r-release-osx-x86_64, r-oldrel-osx-x86_64

Version: 0.1.0
Check: compiled code
Result: NOTE
    File ‘rIsing/libs/rIsing.so’:
     Found no calls to: ‘R_registerRoutines’, ‘R_useDynamicSymbols’
    
    It is good practice to register native routines and to disable symbol
    search.
    
    See ‘Writing portable packages’ in the ‘Writing R Extensions’ manual.
Flavors: r-devel-linux-x86_64-fedora-clang, r-devel-linux-x86_64-fedora-gcc