CRAN Package Check Results for Package rJST

Last updated on 2019-10-20 00:47:40 CEST.

Flavor Version Tinstall Tcheck Ttotal Status Flags
r-devel-linux-x86_64-debian-clang 1.0 68.36 93.22 161.58 OK
r-devel-linux-x86_64-debian-gcc 1.0 46.49 61.12 107.61 OK
r-devel-linux-x86_64-fedora-clang 1.0 220.22 NOTE
r-devel-linux-x86_64-fedora-gcc 1.0 209.14 NOTE
r-devel-windows-ix86+x86_64 1.0 113.00 165.00 278.00 OK
r-patched-linux-x86_64 1.0 51.46 93.33 144.79 OK
r-patched-solaris-x86 1.0 217.30 NOTE
r-release-linux-x86_64 1.0 51.72 92.04 143.76 OK
r-release-windows-ix86+x86_64 1.0 100.00 143.00 243.00 OK
r-release-osx-x86_64 1.0 NOTE
r-oldrel-windows-ix86+x86_64 1.0 105.00 133.00 238.00 OK
r-oldrel-osx-x86_64 1.0 NOTE

Check Details

Version: 1.0
Check: dependencies in R code
Result: NOTE
    Namespaces in Imports field not imported from:
     ‘Rcpp’ ‘RcppProgress’ ‘magrittr’
     All declared Imports should be used.
Flavors: r-devel-linux-x86_64-fedora-clang, r-devel-linux-x86_64-fedora-gcc, r-patched-solaris-x86, r-release-osx-x86_64, r-oldrel-osx-x86_64