CRAN Package Check Results for Package rJST

Last updated on 2019-07-16 00:48:23 CEST.

Flavor Version Tinstall Tcheck Ttotal Status Flags
r-devel-linux-x86_64-debian-clang 1.0 56.12 94.11 150.23 OK
r-devel-linux-x86_64-debian-gcc 1.0 43.86 62.66 106.52 OK
r-devel-linux-x86_64-fedora-clang 1.0 204.69 NOTE
r-devel-linux-x86_64-fedora-gcc 1.0 200.22 NOTE
r-devel-windows-ix86+x86_64 1.0 151.00 136.00 287.00 OK
r-patched-linux-x86_64 1.0 54.52 92.78 147.30 OK
r-patched-solaris-x86 1.0 227.60 NOTE
r-release-linux-x86_64 1.0 56.23 92.31 148.54 OK
r-release-windows-ix86+x86_64 1.0 115.00 153.00 268.00 OK
r-release-osx-x86_64 1.0 NOTE
r-oldrel-windows-ix86+x86_64 1.0 147.00 166.00 313.00 OK
r-oldrel-osx-x86_64 1.0 NOTE

Check Details

Version: 1.0
Check: dependencies in R code
Result: NOTE
    Namespaces in Imports field not imported from:
     ‘Rcpp’ ‘RcppProgress’ ‘magrittr’
     All declared Imports should be used.
Flavors: r-devel-linux-x86_64-fedora-clang, r-devel-linux-x86_64-fedora-gcc, r-patched-solaris-x86, r-release-osx-x86_64, r-oldrel-osx-x86_64