CRAN Package Check Results for Package randomForest

Last updated on 2019-10-22 00:52:32 CEST.

Flavor Version Tinstall Tcheck Ttotal Status Flags
r-devel-linux-x86_64-debian-clang 4.6-14 7.34 32.04 39.38 WARN
r-devel-linux-x86_64-debian-gcc 4.6-14 5.48 25.34 30.82 OK
r-devel-linux-x86_64-fedora-clang 4.6-14 48.92 WARN
r-devel-linux-x86_64-fedora-gcc 4.6-14 46.61 OK
r-devel-windows-ix86+x86_64 4.6-14 32.00 76.00 108.00 OK
r-patched-linux-x86_64 4.6-14 5.67 31.22 36.89 OK
r-patched-solaris-x86 4.6-14 68.60 OK
r-release-linux-x86_64 4.6-14 6.30 31.53 37.83 OK
r-release-windows-ix86+x86_64 4.6-14 29.00 60.00 89.00 OK
r-release-osx-x86_64 4.6-14 OK
r-oldrel-windows-ix86+x86_64 4.6-14 16.00 52.00 68.00 OK
r-oldrel-osx-x86_64 4.6-14 OK

Check Details

Version: 4.6-14
Check: whether package can be installed
Result: WARN
    Found the following significant warnings:
     rf.c:460:17: warning: expression result unused [-Wunused-value]
Flavors: r-devel-linux-x86_64-debian-clang, r-devel-linux-x86_64-fedora-clang