CRAN Package Check Results for Package raptr

Last updated on 2019-12-16 00:49:06 CET.

Flavor Version Tinstall Tcheck Ttotal Status Flags
r-devel-linux-x86_64-debian-clang 0.1.4 185.28 225.24 410.52 NOTE
r-devel-linux-x86_64-debian-gcc 0.1.4 135.93 171.21 307.14 NOTE
r-devel-linux-x86_64-fedora-clang 0.1.4 567.48 NOTE
r-devel-linux-x86_64-fedora-gcc 0.1.4 561.55 NOTE
r-devel-windows-ix86+x86_64 0.1.4 327.00 513.00 840.00 NOTE
r-devel-windows-ix86+x86_64-gcc8 0.1.4 364.00 507.00 871.00 NOTE
r-patched-linux-x86_64 0.1.4 157.24 205.75 362.99 NOTE
r-patched-solaris-x86 0.1.4 747.20 NOTE
r-release-linux-x86_64 0.1.4 156.31 206.91 363.22 NOTE
r-release-windows-ix86+x86_64 0.1.4 312.00 379.00 691.00 NOTE
r-release-osx-x86_64 0.1.4 NOTE
r-oldrel-windows-ix86+x86_64 0.1.4 303.00 362.00 665.00 NOTE
r-oldrel-osx-x86_64 0.1.4 NOTE

Check Details

Version: 0.1.4
Check: package dependencies
Result: NOTE
    Package suggested but not available for checking: 'gurobi'
Flavors: r-devel-linux-x86_64-debian-clang, r-devel-linux-x86_64-debian-gcc, r-devel-linux-x86_64-fedora-clang, r-devel-linux-x86_64-fedora-gcc, r-devel-windows-ix86+x86_64, r-devel-windows-ix86+x86_64-gcc8, r-patched-linux-x86_64, r-patched-solaris-x86, r-release-linux-x86_64, r-release-windows-ix86+x86_64, r-release-osx-x86_64, r-oldrel-windows-ix86+x86_64, r-oldrel-osx-x86_64

Version: 0.1.4
Check: installed package size
Result: NOTE
     installed size is 17.5Mb
     sub-directories of 1Mb or more:
     data 3.6Mb
     doc 1.4Mb
     libs 11.8Mb
Flavors: r-devel-linux-x86_64-fedora-clang, r-devel-windows-ix86+x86_64, r-devel-windows-ix86+x86_64-gcc8, r-patched-solaris-x86, r-release-windows-ix86+x86_64, r-release-osx-x86_64, r-oldrel-windows-ix86+x86_64, r-oldrel-osx-x86_64