CRAN Package Check Results for Package raptr

Last updated on 2019-07-24 00:47:40 CEST.

Flavor Version Tinstall Tcheck Ttotal Status Flags
r-devel-linux-x86_64-debian-clang 0.1.4 162.26 210.85 373.11 NOTE
r-devel-linux-x86_64-debian-gcc 0.1.4 136.29 163.46 299.75 NOTE
r-devel-linux-x86_64-fedora-clang 0.1.4 524.04 NOTE
r-devel-linux-x86_64-fedora-gcc 0.1.4 559.62 NOTE
r-devel-windows-ix86+x86_64 0.1.4 318.00 484.00 802.00 NOTE
r-patched-linux-x86_64 0.1.4 156.93 207.85 364.78 NOTE
r-patched-solaris-x86 0.1.4 720.90 NOTE
r-release-linux-x86_64 0.1.4 155.04 210.85 365.89 NOTE
r-release-windows-ix86+x86_64 0.1.4 319.00 375.00 694.00 NOTE
r-release-osx-x86_64 0.1.4 NOTE
r-oldrel-windows-ix86+x86_64 0.1.4 428.00 458.00 886.00 NOTE
r-oldrel-osx-x86_64 0.1.4 NOTE

Check Details

Version: 0.1.4
Check: package dependencies
Result: NOTE
    Package suggested but not available for checking: 'gurobi'
Flavors: r-devel-linux-x86_64-debian-clang, r-devel-linux-x86_64-debian-gcc, r-devel-linux-x86_64-fedora-clang, r-devel-linux-x86_64-fedora-gcc, r-devel-windows-ix86+x86_64, r-patched-linux-x86_64, r-patched-solaris-x86, r-release-linux-x86_64, r-release-windows-ix86+x86_64, r-release-osx-x86_64, r-oldrel-windows-ix86+x86_64, r-oldrel-osx-x86_64

Version: 0.1.4
Check: installed package size
Result: NOTE
     installed size is 16.4Mb
     sub-directories of 1Mb or more:
     data 3.6Mb
     doc 1.4Mb
     libs 10.7Mb
Flavors: r-devel-linux-x86_64-fedora-clang, r-devel-windows-ix86+x86_64, r-patched-solaris-x86, r-release-windows-ix86+x86_64, r-release-osx-x86_64, r-oldrel-windows-ix86+x86_64, r-oldrel-osx-x86_64