CRAN Package Check Results for Package rasterVis

Last updated on 2020-02-24 00:48:51 CET.

Flavor Version Tinstall Tcheck Ttotal Status Flags
r-devel-linux-x86_64-debian-clang 0.47 10.66 96.90 107.56 OK
r-devel-linux-x86_64-debian-gcc 0.47 OK
r-devel-linux-x86_64-fedora-clang 0.47 133.12 WARN
r-devel-linux-x86_64-fedora-gcc 0.47 139.10 WARN
r-devel-windows-ix86+x86_64 0.47 18.00 97.00 115.00 OK
r-devel-windows-ix86+x86_64-gcc8 0.47 25.00 101.00 126.00 OK
r-patched-linux-x86_64 0.47 OK
r-patched-solaris-x86 0.47 166.40 OK
r-release-linux-x86_64 0.47 8.95 83.98 92.93 OK
r-release-windows-ix86+x86_64 0.47 16.00 89.00 105.00 OK
r-release-osx-x86_64 0.47 OK
r-oldrel-windows-ix86+x86_64 0.47 13.00 98.00 111.00 OK
r-oldrel-osx-x86_64 0.47 OK

Check Details

Version: 0.47
Check: whether package can be installed
Result: WARN
    Found the following significant warnings:
     Warning: namespace ‘rgdal’ is not available and has been replaced
Flavors: r-devel-linux-x86_64-fedora-clang, r-devel-linux-x86_64-fedora-gcc