CRAN Package Check Results for Package rcarbon

Last updated on 2019-08-19 00:46:32 CEST.

Flavor Version Tinstall Tcheck Ttotal Status Flags
r-devel-linux-x86_64-debian-clang 1.2.0 6.42 46.62 53.04 OK
r-devel-linux-x86_64-debian-gcc 1.2.0 5.41 37.50 42.91 OK
r-devel-linux-x86_64-fedora-clang 1.2.0 63.99 NOTE
r-devel-linux-x86_64-fedora-gcc 1.2.0 63.92 NOTE
r-devel-windows-ix86+x86_64 1.2.0 21.00 67.00 88.00 OK
r-patched-linux-x86_64 1.2.0 6.26 46.86 53.12 OK
r-patched-solaris-x86 1.2.0 93.60 NOTE
r-release-linux-x86_64 1.2.0 7.11 46.86 53.97 OK
r-release-windows-ix86+x86_64 1.2.0 11.00 57.00 68.00 OK
r-release-osx-x86_64 1.2.0 NOTE
r-oldrel-windows-ix86+x86_64 1.2.0 12.00 78.00 90.00 OK
r-oldrel-osx-x86_64 1.2.0 NOTE

Check Details

Version: 1.2.0
Check: dependencies in R code
Result: NOTE
    Namespace in Imports field not imported from: ‘knitr’
     All declared Imports should be used.
Flavors: r-devel-linux-x86_64-fedora-clang, r-devel-linux-x86_64-fedora-gcc, r-patched-solaris-x86, r-release-osx-x86_64, r-oldrel-osx-x86_64