CRAN Package Check Results for Package rcrossref

Last updated on 2019-09-20 00:47:43 CEST.

Flavor Version Tinstall Tcheck Ttotal Status Flags
r-devel-linux-x86_64-debian-clang 0.9.2 7.89 174.46 182.35 OK
r-devel-linux-x86_64-debian-gcc 0.9.2 7.20 137.85 145.05 OK
r-devel-linux-x86_64-fedora-clang 0.9.2 215.74 OK
r-devel-linux-x86_64-fedora-gcc 0.9.2 218.45 OK
r-devel-windows-ix86+x86_64 0.9.2 26.00 177.00 203.00 WARN
r-patched-linux-x86_64 0.9.2 8.44 176.60 185.04 OK
r-patched-solaris-x86 0.9.2 292.80 OK
r-release-linux-x86_64 0.9.2 7.50 184.37 191.87 OK
r-release-windows-ix86+x86_64 0.9.2 14.00 201.00 215.00 OK
r-release-osx-x86_64 0.9.2 OK
r-oldrel-windows-ix86+x86_64 0.9.2 9.00 198.00 207.00 OK
r-oldrel-osx-x86_64 0.9.2 OK

Check Details

Version: 0.9.2
Check: R files for syntax errors
Result: WARN
    Warnings in file 'R/crAddins.R':
     unable to translate '<U+25B2>' to native encoding
     unable to translate '<U+25BC>' to native encoding
Flavor: r-devel-windows-ix86+x86_64