CRAN Package Check Results for Package rdatacite

Last updated on 2020-01-22 00:49:10 CET.

Flavor Version Tinstall Tcheck Ttotal Status Flags
r-devel-linux-x86_64-debian-clang 0.5.0 2.45 23.83 26.28 ERROR
r-devel-linux-x86_64-debian-gcc 0.5.0 1.83 18.87 20.70 OK
r-devel-linux-x86_64-fedora-clang 0.5.0 33.08 OK
r-devel-linux-x86_64-fedora-gcc 0.5.0 32.21 OK
r-devel-windows-ix86+x86_64 0.5.0 12.00 51.00 63.00 OK
r-devel-windows-ix86+x86_64-gcc8 0.5.0 12.00 36.00 48.00 OK
r-patched-linux-x86_64 0.5.0 1.82 22.16 23.98 OK
r-patched-solaris-x86 0.5.0 44.90 OK
r-release-linux-x86_64 0.5.0 1.86 22.05 23.91 OK
r-release-windows-ix86+x86_64 0.5.0 6.00 42.00 48.00 OK
r-release-osx-x86_64 0.5.0 OK
r-oldrel-windows-ix86+x86_64 0.5.0 3.00 36.00 39.00 OK
r-oldrel-osx-x86_64 0.5.0 OK

Check Details

Version: 0.5.0
Check: tests
Result: ERROR
     Running 'test-all.R' [4s/5s]
    Running the tests in 'tests/test-all.R' failed.
    Complete output:
     > library("testthat")
     > test_check("rdatacite")
     Loading required package: rdatacite
     -- 1. Error: dc_client_prefixes works (@test-dc_client_prefixes.R#4) ----------
     Reader error: control characters are not allowed: #80 at 26431
     Backtrace:
     1. vcr::use_cassette(...)
     2. vcr::insert_cassette(...)
     3. Cassette$new(...)
     4. .subset2(public_bind_env, "initialize")(...)
     5. self$http_interactions()
     8. self$previously_recorded_interactions()
     14. self$deserialized_hash()
     15. self$serializer$deserialize_path()
     16. yaml::yaml.load(str)
    
     -- 2. Error: dc_clients works (@test-dc_clients.R#4) --------------------------
     Reader error: control characters are not allowed: #80 at 5587
     Backtrace:
     1. vcr::use_cassette(...)
     2. vcr::insert_cassette(...)
     3. Cassette$new(...)
     4. .subset2(public_bind_env, "initialize")(...)
     5. self$http_interactions()
     8. self$previously_recorded_interactions()
     14. self$deserialized_hash()
     15. self$serializer$deserialize_path()
     16. yaml::yaml.load(str)
    
     == testthat results ===========================================================
     [ OK: 47 | SKIPPED: 0 | WARNINGS: 0 | FAILED: 2 ]
     1. Error: dc_client_prefixes works (@test-dc_client_prefixes.R#4)
     2. Error: dc_clients works (@test-dc_clients.R#4)
    
     Error: testthat unit tests failed
     Execution halted
Flavor: r-devel-linux-x86_64-debian-clang