Last updated on 2019-12-16 00:49:07 CET.
Flavor | Version | Tinstall | Tcheck | Ttotal | Status | Flags |
---|---|---|---|---|---|---|
r-devel-linux-x86_64-debian-clang | 0.2.2 | 8.81 | 78.34 | 87.15 | OK | |
r-devel-linux-x86_64-debian-gcc | 0.2.2 | 7.07 | 59.32 | 66.39 | OK | |
r-devel-linux-x86_64-fedora-clang | 0.2.2 | 81.84 | OK | |||
r-devel-linux-x86_64-fedora-gcc | 0.2.2 | 82.63 | OK | |||
r-devel-windows-ix86+x86_64 | 0.2.2 | 16.00 | 126.00 | 142.00 | OK | |
r-devel-windows-ix86+x86_64-gcc8 | 0.2.2 | 23.00 | 140.00 | 163.00 | OK | |
r-patched-linux-x86_64 | 0.2.2 | 7.19 | 72.08 | 79.27 | OK | |
r-patched-solaris-x86 | 0.2.2 | 109.40 | WARN | |||
r-release-linux-x86_64 | 0.2.2 | 7.00 | 72.44 | 79.44 | OK | |
r-release-windows-ix86+x86_64 | 0.2.2 | 15.00 | 87.00 | 102.00 | OK | |
r-release-osx-x86_64 | 0.2.2 | WARN | ||||
r-oldrel-windows-ix86+x86_64 | 0.2.2 | 9.00 | 87.00 | 96.00 | OK | |
r-oldrel-osx-x86_64 | 0.2.2 | WARN |
Version: 0.2.2
Check: re-building of vignette outputs
Result: WARN
Error(s) in re-building vignettes:
...
--- re-building ‘rdf_intro.Rmd’ using rmarkdown
Warning in engine$weave(file, quiet = quiet, encoding = enc) :
Pandoc (>= 1.12.3) and/or pandoc-citeproc not available. Falling back to R Markdown v1.
No methods found in package 'redland' for request: 'getNextResult' when loading 'rdflib'
Attaching package: 'dplyr'
The following objects are masked from 'package:stats':
filter, lag
The following objects are masked from 'package:base':
intersect, setdiff, setequal, union
Quitting from lines 41-42 (rdf_intro.Rmd)
Error: processing vignette 'rdf_intro.Rmd' failed with diagnostics:
there is no package called 'webshot'
--- failed re-building ‘rdf_intro.Rmd’
SUMMARY: processing the following file failed:
‘rdf_intro.Rmd’
Error: Vignette re-building failed.
Execution halted
Flavor: r-patched-solaris-x86
Version: 0.2.2
Check: re-building of vignette outputs
Result: WARN
Error(s) in re-building vignettes:
...
--- re-building ‘rdf_intro.Rmd’ using rmarkdown
Warning in engine$weave(file, quiet = quiet, encoding = enc) :
Pandoc (>= 1.12.3) and/or pandoc-citeproc not available. Falling back to R Markdown v1.
Attaching package: 'dplyr'
The following objects are masked from 'package:stats':
filter, lag
The following objects are masked from 'package:base':
intersect, setdiff, setequal, union
Quitting from lines 41-42 (rdf_intro.Rmd)
Error: processing vignette 'rdf_intro.Rmd' failed with diagnostics:
cannot open the connection
--- failed re-building ‘rdf_intro.Rmd’
SUMMARY: processing the following file failed:
‘rdf_intro.Rmd’
Error: Vignette re-building failed.
Execution halted
Flavor: r-release-osx-x86_64
Version: 0.2.2
Check: re-building of vignette outputs
Result: WARN
Error in re-building vignettes:
...
Warning in engine$weave(file, quiet = quiet, encoding = enc) :
Pandoc (>= 1.12.3) and/or pandoc-citeproc not available. Falling back to R Markdown v1.
Attaching package: 'dplyr'
The following objects are masked from 'package:stats':
filter, lag
The following objects are masked from 'package:base':
intersect, setdiff, setequal, union
Quitting from lines 41-42 (rdf_intro.Rmd)
Error: processing vignette 'rdf_intro.Rmd' failed with diagnostics:
cannot open the connection
Execution halted
Flavor: r-oldrel-osx-x86_64