CRAN Package Check Results for Package reGenotyper

Last updated on 2019-07-16 00:48:23 CEST.

Flavor Version Tinstall Tcheck Ttotal Status Flags
r-devel-linux-x86_64-debian-clang 1.2.0 2.98 51.85 54.83 NOTE
r-devel-linux-x86_64-debian-gcc 1.2.0 2.48 40.11 42.59 NOTE
r-devel-linux-x86_64-fedora-clang 1.2.0 64.11 NOTE
r-devel-linux-x86_64-fedora-gcc 1.2.0 63.72 NOTE
r-devel-windows-ix86+x86_64 1.2.0 10.00 75.00 85.00 NOTE
r-patched-linux-x86_64 1.2.0 2.93 51.97 54.90 NOTE
r-patched-solaris-x86 1.2.0 93.30 NOTE
r-release-linux-x86_64 1.2.0 2.56 52.04 54.60 NOTE
r-release-windows-ix86+x86_64 1.2.0 7.00 104.00 111.00 NOTE
r-release-osx-x86_64 1.2.0 NOTE
r-oldrel-windows-ix86+x86_64 1.2.0 6.00 72.00 78.00 NOTE
r-oldrel-osx-x86_64 1.2.0 NOTE

Check Details

Version: 1.2.0
Check: R code for possible problems
Result: NOTE
    .area.my: no visible global function definition for 'density'
    optimalGT : <anonymous>: no visible global function definition for
     'median'
    optimalGT: no visible global function definition for 'png'
    optimalGT: no visible global function definition for 'dev.off'
    permutation: no visible global function definition for 'flush.console'
    plot.wls: no visible global function definition for 'par'
    plot.wls: no visible global function definition for 'plot'
    plot.wls: no visible global function definition for 'text'
    plot.wls: no visible global function definition for 'abline'
    reGenotyper: no visible global function definition for 'flush.console'
    reGenotyper: no visible binding for global variable 'var'
    reGenotyper: no visible global function definition for 'plot'
    Undefined global functions or variables:
     abline density dev.off flush.console median par plot png text var
    Consider adding
     importFrom("grDevices", "dev.off", "png")
     importFrom("graphics", "abline", "par", "plot", "text")
     importFrom("stats", "density", "median", "var")
     importFrom("utils", "flush.console")
    to your NAMESPACE file.
Flavors: r-devel-linux-x86_64-debian-clang, r-devel-linux-x86_64-debian-gcc, r-devel-linux-x86_64-fedora-clang, r-devel-linux-x86_64-fedora-gcc, r-devel-windows-ix86+x86_64, r-patched-linux-x86_64, r-patched-solaris-x86, r-release-linux-x86_64, r-release-windows-ix86+x86_64, r-release-osx-x86_64, r-oldrel-windows-ix86+x86_64, r-oldrel-osx-x86_64

Version: 1.2.0
Check: for non-standard things in the check directory
Result: NOTE
    Found the following files/directories:
     'delta_t_mat_allmk_list_test.Rdata' 'gt_opt_test.Rdata'
     't_mat0_test.Rdata'
Flavors: r-devel-linux-x86_64-debian-clang, r-devel-linux-x86_64-debian-gcc, r-devel-linux-x86_64-fedora-clang, r-devel-linux-x86_64-fedora-gcc