CRAN Package Check Results for Package redist

Last updated on 2019-10-20 00:47:40 CEST.

Flavor Version Tinstall Tcheck Ttotal Status Flags
r-devel-linux-x86_64-debian-clang 1.3-3 123.80 79.00 202.80 OK
r-devel-linux-x86_64-debian-gcc 1.3-3 92.28 63.28 155.56 OK
r-devel-linux-x86_64-fedora-clang 1.3-3 293.76 NOTE
r-devel-linux-x86_64-fedora-gcc 1.3-3 275.83 OK
r-devel-windows-ix86+x86_64 1.3-3 210.00 169.00 379.00 OK
r-patched-linux-x86_64 1.3-3 102.23 78.50 180.73 OK
r-patched-solaris-x86 1.3-3 285.70 OK
r-release-linux-x86_64 1.3-3 98.94 78.55 177.49 OK
r-release-windows-ix86+x86_64 1.3-3 182.00 138.00 320.00 OK
r-release-osx-x86_64 1.3-3 NOTE
r-oldrel-windows-ix86+x86_64 1.3-3 200.00 109.00 309.00 OK
r-oldrel-osx-x86_64 1.3-3 NOTE

Check Details

Version: 1.3-3
Check: installed package size
Result: NOTE
     installed size is 7.2Mb
     sub-directories of 1Mb or more:
     data 1.7Mb
     libs 5.2Mb
Flavors: r-devel-linux-x86_64-fedora-clang, r-release-osx-x86_64, r-oldrel-osx-x86_64

Version: 1.3-3
Check: package dependencies
Result: NOTE
    Package suggested but not available for checking: ‘Rmpi’
Flavors: r-release-osx-x86_64, r-oldrel-osx-x86_64