CRAN Package Check Results for Package redist

Last updated on 2019-07-16 00:48:23 CEST.

Flavor Version Tinstall Tcheck Ttotal Status Flags
r-devel-linux-x86_64-debian-clang 1.3-3 111.39 79.42 190.81 OK
r-devel-linux-x86_64-debian-gcc 1.3-3 95.99 64.58 160.57 OK
r-devel-linux-x86_64-fedora-clang 1.3-3 266.96 NOTE
r-devel-linux-x86_64-fedora-gcc 1.3-3 270.08 OK
r-devel-windows-ix86+x86_64 1.3-3 280.00 128.00 408.00 OK
r-patched-linux-x86_64 1.3-3 108.33 80.10 188.43 OK
r-patched-solaris-x86 1.3-3 321.20 OK
r-release-linux-x86_64 1.3-3 109.44 80.18 189.62 OK
r-release-windows-ix86+x86_64 1.3-3 198.00 184.00 382.00 OK
r-release-osx-x86_64 1.3-3 NOTE
r-oldrel-windows-ix86+x86_64 1.3-3 266.00 164.00 430.00 OK
r-oldrel-osx-x86_64 1.3-3 NOTE

Check Details

Version: 1.3-3
Check: installed package size
Result: NOTE
     installed size is 6.5Mb
     sub-directories of 1Mb or more:
     data 1.7Mb
     libs 4.6Mb
Flavors: r-devel-linux-x86_64-fedora-clang, r-release-osx-x86_64, r-oldrel-osx-x86_64

Version: 1.3-3
Check: package dependencies
Result: NOTE
    Package suggested but not available for checking: ‘Rmpi’
Flavors: r-release-osx-x86_64, r-oldrel-osx-x86_64