CRAN Package Check Results for Package regplot

Last updated on 2019-07-16 00:48:23 CEST.

Flavor Version Tinstall Tcheck Ttotal Status Flags
r-devel-linux-x86_64-debian-clang 0.2 11.33 64.31 75.64 OK
r-devel-linux-x86_64-debian-gcc 0.2 8.91 52.40 61.31 OK
r-devel-linux-x86_64-fedora-clang 0.2 93.26 OK
r-devel-linux-x86_64-fedora-gcc 0.2 92.09 OK
r-devel-windows-ix86+x86_64 0.2 23.00 68.00 91.00 OK
r-patched-linux-x86_64 0.2 12.66 65.92 78.58 OK
r-patched-solaris-x86 0.2 145.90 OK
r-release-linux-x86_64 0.2 11.53 65.60 77.13 OK
r-release-windows-ix86+x86_64 0.2 16.00 95.00 111.00 OK
r-release-osx-x86_64 0.2 FAIL
r-oldrel-windows-ix86+x86_64 0.2 15.00 94.00 109.00 OK
r-oldrel-osx-x86_64 0.2 OK

Check Details

Version: 0.2
Check: whether package can be installed
Result: FAIL
    
Flavor: r-release-osx-x86_64