CRAN Package Check Results for Package regplot

Last updated on 2019-10-23 00:48:01 CEST.

Flavor Version Tinstall Tcheck Ttotal Status Flags
r-devel-linux-x86_64-debian-clang 0.2 12.52 64.45 76.97 OK
r-devel-linux-x86_64-debian-gcc 0.2 10.23 52.09 62.32 OK
r-devel-linux-x86_64-fedora-clang 0.2 93.98 OK
r-devel-linux-x86_64-fedora-gcc 0.2 93.08 OK
r-devel-windows-ix86+x86_64 0.2 15.00 91.00 106.00 OK
r-patched-linux-x86_64 0.2 12.14 65.41 77.55 OK
r-patched-solaris-x86 0.2 144.60 OK
r-release-linux-x86_64 0.2 11.88 65.10 76.98 OK
r-release-windows-ix86+x86_64 0.2 21.00 70.00 91.00 OK
r-release-osx-x86_64 0.2 FAIL
r-oldrel-windows-ix86+x86_64 0.2 15.00 98.00 113.00 OK
r-oldrel-osx-x86_64 0.2 OK

Check Details

Version: 0.2
Check: whether package can be installed
Result: FAIL
    
Flavor: r-release-osx-x86_64