CRAN Package Check Results for Package relMix

Last updated on 2020-02-20 00:54:24 CET.

Flavor Version Tinstall Tcheck Ttotal Status Flags
r-devel-linux-x86_64-debian-clang 1.3 4.13 33.35 37.48 OK
r-devel-linux-x86_64-debian-gcc 1.3 2.76 26.23 28.99 OK
r-devel-linux-x86_64-fedora-clang 1.3 45.75 NOTE
r-devel-linux-x86_64-fedora-gcc 1.3 44.77 NOTE
r-devel-windows-ix86+x86_64 1.3 7.00 44.00 51.00 OK
r-devel-windows-ix86+x86_64-gcc8 1.3 12.00 42.00 54.00 OK
r-patched-linux-x86_64 1.3 3.05 29.62 32.67 OK
r-patched-solaris-x86 1.3 58.70 NOTE
r-release-linux-x86_64 1.3 3.11 30.51 33.62 OK
r-release-windows-ix86+x86_64 1.3 5.00 43.00 48.00 OK
r-release-osx-x86_64 1.3 FAIL
r-oldrel-windows-ix86+x86_64 1.3 5.00 37.00 42.00 OK
r-oldrel-osx-x86_64 1.3 NOTE

Check Details

Version: 1.3
Check: dependencies in R code
Result: NOTE
    Namespace in Imports field not imported from: ‘gWidgetstcltk’
     All declared Imports should be used.
Flavors: r-devel-linux-x86_64-fedora-clang, r-devel-linux-x86_64-fedora-gcc, r-patched-solaris-x86, r-oldrel-osx-x86_64

Version: 1.3
Check: dependencies in R code
Result: FAIL
Flavor: r-release-osx-x86_64