CRAN Package Check Results for Package relMix

Last updated on 2019-10-15 00:50:05 CEST.

Flavor Version Tinstall Tcheck Ttotal Status Flags
r-devel-linux-x86_64-debian-clang 1.3 3.66 29.97 33.63 OK
r-devel-linux-x86_64-debian-gcc 1.3 2.96 24.40 27.36 OK
r-devel-linux-x86_64-fedora-clang 1.3 43.43 NOTE
r-devel-linux-x86_64-fedora-gcc 1.3 41.65 NOTE
r-devel-windows-ix86+x86_64 1.3 7.00 59.00 66.00 OK
r-patched-linux-x86_64 1.3 3.60 29.79 33.39 OK
r-patched-solaris-x86 1.3 60.40 NOTE
r-release-linux-x86_64 1.3 3.25 29.65 32.90 OK
r-release-windows-ix86+x86_64 1.3 12.00 43.00 55.00 OK
r-release-osx-x86_64 1.3 FAIL
r-oldrel-windows-ix86+x86_64 1.3 6.00 37.00 43.00 OK
r-oldrel-osx-x86_64 1.3 NOTE

Check Details

Version: 1.3
Check: dependencies in R code
Result: NOTE
    Namespace in Imports field not imported from: ‘gWidgetstcltk’
     All declared Imports should be used.
Flavors: r-devel-linux-x86_64-fedora-clang, r-devel-linux-x86_64-fedora-gcc, r-patched-solaris-x86, r-oldrel-osx-x86_64

Version: 1.3
Check: dependencies in R code
Result: FAIL
    
Flavor: r-release-osx-x86_64