CRAN Package Check Results for Package repmis

Last updated on 2019-08-24 00:52:37 CEST.

Flavor Version Tinstall Tcheck Ttotal Status Flags
r-devel-linux-x86_64-debian-clang 0.5 3.87 38.76 42.63 NOTE
r-devel-linux-x86_64-debian-gcc 0.5 3.20 30.34 33.54 NOTE
r-devel-linux-x86_64-fedora-clang 0.5 49.68 NOTE
r-devel-linux-x86_64-fedora-gcc 0.5 49.30 NOTE
r-devel-windows-ix86+x86_64 0.5 8.00 65.00 73.00 OK
r-patched-linux-x86_64 0.5 2.99 37.50 40.49 OK
r-patched-solaris-x86 0.5 64.80 OK
r-release-linux-x86_64 0.5 3.44 37.18 40.62 OK
r-release-windows-ix86+x86_64 0.5 13.00 71.00 84.00 OK
r-release-osx-x86_64 0.5 OK
r-oldrel-windows-ix86+x86_64 0.5 96.00 60.00 156.00 OK
r-oldrel-osx-x86_64 0.5 OK

Check Details

Version: 0.5
Check: for non-standard things in the check directory
Result: NOTE
    Found the following files/directories:
     'PackageCites.bib'
Flavors: r-devel-linux-x86_64-debian-clang, r-devel-linux-x86_64-debian-gcc, r-devel-linux-x86_64-fedora-clang, r-devel-linux-x86_64-fedora-gcc