CRAN Package Check Results for Package repmis

Last updated on 2019-06-18 00:51:52 CEST.

Flavor Version Tinstall Tcheck Ttotal Status Flags
r-devel-linux-x86_64-debian-clang 0.5 3.48 38.08 41.56 NOTE
r-devel-linux-x86_64-debian-gcc 0.5 2.84 30.00 32.84 NOTE
r-devel-linux-x86_64-fedora-clang 0.5 48.99 NOTE
r-devel-linux-x86_64-fedora-gcc 0.5 46.73 NOTE
r-devel-windows-ix86+x86_64 0.5 11.00 65.00 76.00 OK
r-patched-linux-x86_64 0.5 3.21 37.39 40.60 OK
r-patched-solaris-x86 0.5 67.10 OK
r-release-linux-x86_64 0.5 3.37 37.45 40.82 OK
r-release-windows-ix86+x86_64 0.5 8.00 59.00 67.00 OK
r-release-osx-x86_64 0.5 OK
r-oldrel-windows-ix86+x86_64 0.5 27.00 58.00 85.00 OK
r-oldrel-osx-x86_64 0.5 OK

Check Details

Version: 0.5
Check: for non-standard things in the check directory
Result: NOTE
    Found the following files/directories:
     'PackageCites.bib'
Flavors: r-devel-linux-x86_64-debian-clang, r-devel-linux-x86_64-debian-gcc, r-devel-linux-x86_64-fedora-clang, r-devel-linux-x86_64-fedora-gcc