CRAN Package Check Results for Package reverseR

Last updated on 2019-07-16 00:48:23 CEST.

Flavor Version Tinstall Tcheck Ttotal Status Flags
r-devel-linux-x86_64-debian-clang 0.1 3.34 48.15 51.49 OK
r-devel-linux-x86_64-debian-gcc 0.1 3.02 37.67 40.69 OK
r-devel-linux-x86_64-fedora-clang 0.1 59.87 NOTE
r-devel-linux-x86_64-fedora-gcc 0.1 61.11 NOTE
r-devel-windows-ix86+x86_64 0.1 14.00 64.00 78.00 OK
r-patched-linux-x86_64 0.1 3.79 47.44 51.23 OK
r-patched-solaris-x86 0.1 94.50 NOTE
r-release-linux-x86_64 0.1 3.60 46.62 50.22 OK
r-release-windows-ix86+x86_64 0.1 8.00 82.00 90.00 OK
r-release-osx-x86_64 0.1 NOTE
r-oldrel-windows-ix86+x86_64 0.1 7.00 63.00 70.00 OK
r-oldrel-osx-x86_64 0.1 NOTE

Check Details

Version: 0.1
Check: dependencies in R code
Result: NOTE
    Namespace in Imports field not imported from: ‘DT’
     All declared Imports should be used.
Flavors: r-devel-linux-x86_64-fedora-clang, r-devel-linux-x86_64-fedora-gcc, r-patched-solaris-x86, r-release-osx-x86_64, r-oldrel-osx-x86_64