CRAN Package Check Results for Package reverseR

Last updated on 2019-10-23 00:48:01 CEST.

Flavor Version Tinstall Tcheck Ttotal Status Flags
r-devel-linux-x86_64-debian-clang 0.1 3.68 47.94 51.62 OK
r-devel-linux-x86_64-debian-gcc 0.1 3.35 37.52 40.87 OK
r-devel-linux-x86_64-fedora-clang 0.1 61.48 NOTE
r-devel-linux-x86_64-fedora-gcc 0.1 58.45 NOTE
r-devel-windows-ix86+x86_64 0.1 12.00 85.00 97.00 OK
r-patched-linux-x86_64 0.1 3.88 47.11 50.99 OK
r-patched-solaris-x86 0.1 90.30 NOTE
r-release-linux-x86_64 0.1 3.78 48.51 52.29 OK
r-release-windows-ix86+x86_64 0.1 12.00 63.00 75.00 OK
r-release-osx-x86_64 0.1 NOTE
r-oldrel-windows-ix86+x86_64 0.1 7.00 102.00 109.00 OK
r-oldrel-osx-x86_64 0.1 NOTE

Check Details

Version: 0.1
Check: dependencies in R code
Result: NOTE
    Namespace in Imports field not imported from: ‘DT’
     All declared Imports should be used.
Flavors: r-devel-linux-x86_64-fedora-clang, r-devel-linux-x86_64-fedora-gcc, r-patched-solaris-x86, r-release-osx-x86_64, r-oldrel-osx-x86_64